Last updated on 2025-11-16 04:48:39 CET.
| Flavor | Version | Tinstall | Tcheck | Ttotal | Status | Flags |
|---|---|---|---|---|---|---|
| r-devel-linux-x86_64-debian-clang | 1.2.1 | 3.06 | 28.44 | 31.50 | OK | |
| r-devel-linux-x86_64-debian-gcc | 1.2.1 | 2.24 | 22.57 | 24.81 | OK | |
| r-devel-linux-x86_64-fedora-clang | 1.2.1 | 12.00 | 39.86 | 51.86 | NOTE | |
| r-devel-linux-x86_64-fedora-gcc | 1.2.1 | 58.30 | NOTE | |||
| r-devel-windows-x86_64 | 1.2.1 | 5.00 | 48.00 | 53.00 | OK | |
| r-patched-linux-x86_64 | 1.2.1 | 2.79 | 27.19 | 29.98 | OK | |
| r-release-linux-x86_64 | 1.2.1 | 3.13 | 27.35 | 30.48 | OK | |
| r-release-macos-arm64 | 1.2.1 | 2.00 | 22.00 | 24.00 | OK | |
| r-release-macos-x86_64 | 1.2.1 | 2.00 | 44.00 | 46.00 | OK | |
| r-release-windows-x86_64 | 1.2.1 | 5.00 | 46.00 | 51.00 | OK | |
| r-oldrel-macos-arm64 | 1.2.1 | 1.00 | 23.00 | 24.00 | OK | |
| r-oldrel-macos-x86_64 | 1.2.1 | 2.00 | 34.00 | 36.00 | OK | |
| r-oldrel-windows-x86_64 | 1.2.1 | 30.00 | 54.00 | 84.00 | OK |
Version: 1.2.1
Check: dependencies in R code
Result: NOTE
Namespaces in Imports field not imported from:
‘data.table’ ‘dplyr’ ‘haven’
All declared Imports should be used.
Flavors: r-devel-linux-x86_64-fedora-clang, r-devel-linux-x86_64-fedora-gcc