Last updated on 2025-10-25 05:50:04 CEST.
| Flavor | Version | Tinstall | Tcheck | Ttotal | Status | Flags |
|---|---|---|---|---|---|---|
| r-devel-linux-x86_64-debian-clang | 0.1.1 | 2.12 | 33.09 | 35.21 | OK | |
| r-devel-linux-x86_64-debian-gcc | 0.1.1 | 1.41 | 26.73 | 28.14 | OK | |
| r-devel-linux-x86_64-fedora-clang | 0.1.1 | 56.12 | OK | |||
| r-devel-linux-x86_64-fedora-gcc | 0.1.1 | 67.51 | OK | |||
| r-devel-windows-x86_64 | 0.1.1 | 4.00 | 53.00 | 57.00 | OK | |
| r-patched-linux-x86_64 | 0.1.1 | 2.11 | 31.38 | 33.49 | OK | |
| r-release-linux-x86_64 | 0.1.1 | 1.93 | 31.37 | 33.30 | OK | |
| r-release-macos-arm64 | 0.1.1 | 2.00 | 39.00 | 41.00 | OK | |
| r-release-macos-x86_64 | 0.1.1 | 2.00 | 53.00 | 55.00 | OK | |
| r-release-windows-x86_64 | 0.1.1 | 4.00 | 62.00 | 66.00 | OK | |
| r-oldrel-macos-arm64 | 0.1.1 | 1.00 | 28.00 | 29.00 | NOTE | |
| r-oldrel-macos-x86_64 | 0.1.1 | 2.00 | 39.00 | 41.00 | NOTE | |
| r-oldrel-windows-x86_64 | 0.1.1 | 5.00 | 62.00 | 67.00 | NOTE |
Version: 0.1.1
Check: LazyData
Result: NOTE
'LazyData' is specified without a 'data' directory
Flavors: r-oldrel-macos-arm64, r-oldrel-macos-x86_64, r-oldrel-windows-x86_64