Last updated on 2025-10-25 05:50:04 CEST.
| Flavor | Version | Tinstall | Tcheck | Ttotal | Status | Flags |
|---|---|---|---|---|---|---|
| r-devel-linux-x86_64-debian-clang | 2.3.0 | 7.45 | 778.78 | 786.23 | NOTE | |
| r-devel-linux-x86_64-debian-gcc | 2.3.0 | 5.48 | 577.61 | 583.09 | NOTE | |
| r-devel-linux-x86_64-fedora-clang | 2.3.0 | 42.00 | 1198.16 | 1240.16 | OK | |
| r-devel-linux-x86_64-fedora-gcc | 2.3.0 | 17.00 | 1111.24 | 1128.24 | OK | |
| r-devel-windows-x86_64 | 2.3.0 | 10.00 | 518.00 | 528.00 | OK | |
| r-patched-linux-x86_64 | 2.3.0 | 8.74 | 802.09 | 810.83 | OK | |
| r-release-linux-x86_64 | 2.3.0 | 7.67 | 790.46 | 798.13 | OK | |
| r-release-macos-arm64 | 2.3.0 | 3.00 | 426.00 | 429.00 | OK | |
| r-release-macos-x86_64 | 2.3.0 | 6.00 | 499.00 | 505.00 | OK | |
| r-release-windows-x86_64 | 2.3.0 | 11.00 | 539.00 | 550.00 | OK | |
| r-oldrel-macos-arm64 | 2.3.0 | 3.00 | 174.00 | 177.00 | OK | |
| r-oldrel-macos-x86_64 | 2.3.0 | 5.00 | 259.00 | 264.00 | OK | |
| r-oldrel-windows-x86_64 | 2.3.0 | 13.00 | 723.00 | 736.00 | OK |
Version: 2.3.0
Check: CRAN incoming feasibility
Result: NOTE
Maintainer: ‘Przemyslaw Biecek <przemyslaw.biecek@gmail.com>’
The Description field contains
universe (Biecek 2018) <arXiv:1806.08915>.
Please refer to arXiv e-prints via their arXiv DOI <doi:10.48550/arXiv.YYMM.NNNNN>.
Flavors: r-devel-linux-x86_64-debian-clang, r-devel-linux-x86_64-debian-gcc