Last updated on 2025-10-25 05:50:05 CEST.
| Flavor | Version | Tinstall | Tcheck | Ttotal | Status | Flags |
|---|---|---|---|---|---|---|
| r-devel-linux-x86_64-debian-clang | 0.0.1 | 1.96 | 30.02 | 31.98 | OK | |
| r-devel-linux-x86_64-debian-gcc | 0.0.1 | 1.47 | 23.66 | 25.13 | OK | |
| r-devel-linux-x86_64-fedora-clang | 0.0.1 | 50.52 | OK | |||
| r-devel-linux-x86_64-fedora-gcc | 0.0.1 | 60.39 | OK | |||
| r-devel-windows-x86_64 | 0.0.1 | 3.00 | 49.00 | 52.00 | OK | |
| r-patched-linux-x86_64 | 0.0.1 | 2.10 | 28.86 | 30.96 | OK | |
| r-release-linux-x86_64 | 0.0.1 | 1.83 | 28.77 | 30.60 | OK | |
| r-release-macos-arm64 | 0.0.1 | 1.00 | 24.00 | 25.00 | OK | |
| r-release-macos-x86_64 | 0.0.1 | 2.00 | 52.00 | 54.00 | OK | |
| r-release-windows-x86_64 | 0.0.1 | 3.00 | 50.00 | 53.00 | OK | |
| r-oldrel-macos-arm64 | 0.0.1 | 1.00 | 22.00 | 23.00 | NOTE | |
| r-oldrel-macos-x86_64 | 0.0.1 | 2.00 | 40.00 | 42.00 | NOTE | |
| r-oldrel-windows-x86_64 | 0.0.1 | 5.00 | 59.00 | 64.00 | NOTE |
Version: 0.0.1
Check: LazyData
Result: NOTE
'LazyData' is specified without a 'data' directory
Flavors: r-oldrel-macos-arm64, r-oldrel-macos-x86_64, r-oldrel-windows-x86_64