CRAN Package Check Results for Package insane

Last updated on 2025-11-16 04:48:39 CET.

Flavor Version Tinstall Tcheck Ttotal Status Flags
r-devel-linux-x86_64-debian-clang 1.0.3 7.97 72.57 80.54 OK
r-devel-linux-x86_64-debian-gcc 1.0.3 5.38 53.97 59.35 NOTE
r-devel-linux-x86_64-fedora-clang 1.0.3 39.00 103.26 142.26 OK
r-devel-linux-x86_64-fedora-gcc 1.0.3 16.00 112.32 128.32 OK
r-devel-windows-x86_64 1.0.3 13.00 81.00 94.00 OK
r-patched-linux-x86_64 1.0.3 8.29 67.90 76.19 OK
r-release-linux-x86_64 1.0.3 7.18 68.10 75.28 OK
r-release-macos-arm64 1.0.3 4.00 89.00 93.00 OK
r-release-macos-x86_64 1.0.3 5.00 64.00 69.00 OK
r-release-windows-x86_64 1.0.3 10.00 79.00 89.00 OK
r-oldrel-macos-arm64 1.0.3 3.00 35.00 38.00 OK
r-oldrel-macos-x86_64 1.0.3 4.00 50.00 54.00 OK
r-oldrel-windows-x86_64 1.0.3 14.00 104.00 118.00 OK

Check Details

Version: 1.0.3
Check: CRAN incoming feasibility
Result: NOTE Maintainer: ‘Mickaël Canouil <pro@mickael.canouil.dev>’ The BugReports field in DESCRIPTION has https://github.com/mcanouil/insane/issues/ which should likely be https://github.com/mcanouil/insane/issues/issues instead. Flavor: r-devel-linux-x86_64-debian-gcc