Last updated on 2024-08-25 05:49:24 CEST.
Flavor | Version | Tinstall | Tcheck | Ttotal | Status | Flags |
---|---|---|---|---|---|---|
r-devel-linux-x86_64-debian-clang | 1.1-6 | 250.51 | 183.73 | 434.24 | OK | |
r-devel-linux-x86_64-debian-gcc | 1.1-6 | 109.96 | 127.35 | 237.31 | OK | |
r-devel-linux-x86_64-fedora-clang | 1.1-6 | 740.87 | OK | |||
r-devel-linux-x86_64-fedora-gcc | 1.1-6 | 613.00 | OK | |||
r-devel-windows-x86_64 | 1.1-6 | 122.00 | 280.00 | 402.00 | OK | |
r-patched-linux-x86_64 | 1.1-6 | 144.89 | 187.96 | 332.85 | OK | |
r-release-linux-x86_64 | 1.1-6 | 152.51 | 188.64 | 341.15 | OK | |
r-release-macos-arm64 | 1.1-6 | 137.00 | NOTE | |||
r-release-macos-x86_64 | 1.1-6 | 199.00 | NOTE | |||
r-release-windows-x86_64 | 1.1-6 | 129.00 | 289.00 | 418.00 | OK | |
r-oldrel-macos-arm64 | 1.1-6 | 198.00 | NOTE | |||
r-oldrel-macos-x86_64 | 1.1-6 | 604.00 | NOTE | |||
r-oldrel-windows-x86_64 | 1.1-6 | 156.00 | 335.00 | 491.00 | OK |
Version: 1.1-6
Check: installed package size
Result: NOTE
installed size is 33.2Mb
sub-directories of 1Mb or more:
doc 1.1Mb
libs 31.8Mb
Flavors: r-release-macos-arm64, r-release-macos-x86_64, r-oldrel-macos-arm64, r-oldrel-macos-x86_64