Last updated on 2025-11-16 04:48:39 CET.
| Flavor | Version | Tinstall | Tcheck | Ttotal | Status | Flags |
|---|---|---|---|---|---|---|
| r-devel-linux-x86_64-debian-clang | 0.6.9 | 18.79 | 181.95 | 200.74 | OK | |
| r-devel-linux-x86_64-debian-gcc | 0.6.9 | 12.67 | 130.46 | 143.13 | NOTE | |
| r-devel-linux-x86_64-fedora-clang | 0.6.9 | 89.00 | 234.67 | 323.67 | OK | |
| r-devel-linux-x86_64-fedora-gcc | 0.6.9 | 49.00 | 254.26 | 303.26 | OK | |
| r-devel-windows-x86_64 | 0.6.9 | 28.00 | 184.00 | 212.00 | OK | |
| r-patched-linux-x86_64 | 0.6.9 | 17.19 | 170.86 | 188.05 | OK | |
| r-release-linux-x86_64 | 0.6.9 | 15.08 | 171.05 | 186.13 | OK | |
| r-release-macos-arm64 | 0.6.9 | 7.00 | 70.00 | 77.00 | OK | |
| r-release-macos-x86_64 | 0.6.9 | 19.00 | 143.00 | 162.00 | OK | |
| r-release-windows-x86_64 | 0.6.9 | 20.00 | 184.00 | 204.00 | OK | |
| r-oldrel-macos-arm64 | 0.6.9 | 6.00 | 73.00 | 79.00 | OK | |
| r-oldrel-macos-x86_64 | 0.6.9 | 16.00 | 173.00 | 189.00 | OK | |
| r-oldrel-windows-x86_64 | 0.6.9 | 27.00 | 235.00 | 262.00 | OK |
Version: 0.6.9
Check: CRAN incoming feasibility
Result: NOTE
Maintainer: ‘Flavio Lozano-Isla <flozanoisla@gmail.com>’
The BugReports field in DESCRIPTION has
https://github.com/flavjack/inti/issues/
which should likely be
https://github.com/flavjack/inti/issues/issues
instead.
Flavor: r-devel-linux-x86_64-debian-gcc