Last updated on 2025-02-21 04:51:50 CET.
Flavor | Version | Tinstall | Tcheck | Ttotal | Status | Flags |
---|---|---|---|---|---|---|
r-devel-linux-x86_64-debian-clang | 2.0.0 | 18.71 | 188.60 | 207.31 | NOTE | |
r-devel-linux-x86_64-debian-gcc | 2.0.0 | 13.22 | 132.50 | 145.72 | NOTE | |
r-devel-linux-x86_64-fedora-clang | 2.0.0 | 347.73 | NOTE | |||
r-devel-linux-x86_64-fedora-gcc | 2.0.0 | 323.46 | NOTE | |||
r-devel-macos-arm64 | 2.0.0 | 101.00 | OK | |||
r-devel-macos-x86_64 | 2.0.0 | 219.00 | NOTE | |||
r-devel-windows-x86_64 | 2.0.0 | 24.00 | 205.00 | 229.00 | NOTE | |
r-patched-linux-x86_64 | 2.0.0 | 24.07 | 171.99 | 196.06 | OK | |
r-release-linux-x86_64 | 2.0.0 | 18.64 | 168.39 | 187.03 | OK | |
r-release-macos-arm64 | 2.0.0 | 115.00 | OK | |||
r-release-macos-x86_64 | 2.0.0 | 166.00 | OK | |||
r-release-windows-x86_64 | 2.0.0 | 27.00 | 198.00 | 225.00 | OK | |
r-oldrel-macos-arm64 | 2.0.0 | 137.00 | OK | |||
r-oldrel-macos-x86_64 | 2.0.0 | 198.00 | OK | |||
r-oldrel-windows-x86_64 | 2.0.0 | 32.00 | 242.00 | 274.00 | OK |
Version: 2.0.0
Check: DESCRIPTION meta-information
Result: NOTE
Missing dependency on R >= 4.1.0 because package code uses the pipe
|> or function shorthand \(...) syntax added in R 4.1.0.
File(s) using such syntax:
‘pk_methods_coef_sd.R’ ‘pk_methods_do_fit.R’
‘pk_methods_get_hessian.R’ ‘pk_methods_logLik.R’ ‘pk_methods_plot.R’
‘pk_methods_predict.R’ ‘pk_methods_twofold_test.R’
Flavors: r-devel-linux-x86_64-debian-clang, r-devel-linux-x86_64-debian-gcc, r-devel-linux-x86_64-fedora-clang, r-devel-linux-x86_64-fedora-gcc, r-devel-macos-x86_64, r-devel-windows-x86_64