CRAN Package Check Results for Package ionr

Last updated on 2025-02-22 04:51:15 CET.

Flavor Version Tinstall Tcheck Ttotal Status Flags
r-devel-linux-x86_64-debian-clang 0.3.0 2.55 30.36 32.91 OK
r-devel-linux-x86_64-debian-gcc 0.3.0 1.71 22.82 24.53 OK
r-devel-linux-x86_64-fedora-clang 0.3.0 51.69 OK
r-devel-linux-x86_64-fedora-gcc 0.3.0 48.92 OK
r-devel-macos-arm64 0.3.0 20.00 OK
r-devel-macos-x86_64 0.3.0 38.00 OK
r-devel-windows-x86_64 0.3.0 4.00 53.00 57.00 OK
r-patched-linux-x86_64 0.3.0 2.66 28.70 31.36 NOTE
r-release-linux-x86_64 0.3.0 2.26 29.35 31.61 NOTE
r-release-macos-arm64 0.3.0 20.00 NOTE
r-release-macos-x86_64 0.3.0 30.00 NOTE
r-release-windows-x86_64 0.3.0 4.00 54.00 58.00 NOTE
r-oldrel-macos-arm64 0.3.0 19.00 NOTE
r-oldrel-macos-x86_64 0.3.0 30.00 NOTE
r-oldrel-windows-x86_64 0.3.0 4.00 57.00 61.00 NOTE

Check Details

Version: 0.3.0
Check: LazyData
Result: NOTE 'LazyData' is specified without a 'data' directory Flavors: r-patched-linux-x86_64, r-release-linux-x86_64, r-release-macos-arm64, r-release-macos-x86_64, r-release-windows-x86_64, r-oldrel-macos-arm64, r-oldrel-macos-x86_64, r-oldrel-windows-x86_64