Last updated on 2025-02-22 04:51:15 CET.
Flavor | Version | Tinstall | Tcheck | Ttotal | Status | Flags |
---|---|---|---|---|---|---|
r-devel-linux-x86_64-debian-clang | 1.2.1 | 9.10 | 81.99 | 91.09 | NOTE | |
r-devel-linux-x86_64-debian-gcc | 1.2.1 | 7.73 | 61.99 | 69.72 | NOTE | |
r-devel-linux-x86_64-fedora-clang | 1.2.1 | 152.05 | OK | |||
r-devel-linux-x86_64-fedora-gcc | 1.2.1 | 137.68 | OK | |||
r-devel-macos-arm64 | 1.2.1 | 41.00 | OK | |||
r-devel-macos-x86_64 | 1.2.1 | 80.00 | OK | |||
r-devel-windows-x86_64 | 1.2.1 | 10.00 | 92.00 | 102.00 | NOTE | |
r-patched-linux-x86_64 | 1.2.1 | 16.55 | 79.33 | 95.88 | OK | |
r-release-linux-x86_64 | 1.2.1 | 8.91 | 79.15 | 88.06 | OK | |
r-release-macos-arm64 | 1.2.1 | 41.00 | OK | |||
r-release-macos-x86_64 | 1.2.1 | 60.00 | OK | |||
r-release-windows-x86_64 | 1.2.1 | 9.00 | 92.00 | 101.00 | OK | |
r-oldrel-macos-arm64 | 1.2.1 | 47.00 | OK | |||
r-oldrel-macos-x86_64 | 1.2.1 | 97.00 | OK | |||
r-oldrel-windows-x86_64 | 1.2.1 | 13.00 | 108.00 | 121.00 | OK |
Version: 1.2.1
Check: Rd cross-references
Result: NOTE
Found the following Rd file(s) with Rd \link{} targets missing package
anchors:
ipwpoint.Rd: multinom, polr
ipwtm.Rd: coxph, multinom, polr, geeglm
Please provide package anchors for all Rd \link{} targets not in the
package itself and the base packages.
Flavors: r-devel-linux-x86_64-debian-clang, r-devel-linux-x86_64-debian-gcc, r-devel-windows-x86_64