Last updated on 2025-10-26 04:48:38 CET.
| Flavor | Version | Tinstall | Tcheck | Ttotal | Status | Flags | 
|---|---|---|---|---|---|---|
| r-devel-linux-x86_64-debian-clang | 0.84.1 | 3.72 | 32.23 | 35.95 | NOTE | |
| r-devel-linux-x86_64-debian-gcc | 0.84.1 | 2.74 | 24.38 | 27.12 | NOTE | |
| r-devel-linux-x86_64-fedora-clang | 0.84.1 | 11.00 | 40.65 | 51.65 | OK | |
| r-devel-linux-x86_64-fedora-gcc | 0.84.1 | 47.22 | OK | |||
| r-devel-windows-x86_64 | 0.84.1 | 4.00 | 57.00 | 61.00 | OK | |
| r-patched-linux-x86_64 | 0.84.1 | 3.88 | 30.81 | 34.69 | OK | |
| r-release-linux-x86_64 | 0.84.1 | 3.60 | 30.88 | 34.48 | OK | |
| r-release-macos-arm64 | 0.84.1 | 2.00 | 20.00 | 22.00 | OK | |
| r-release-macos-x86_64 | 0.84.1 | 3.00 | 31.00 | 34.00 | OK | |
| r-release-windows-x86_64 | 0.84.1 | 6.00 | 63.00 | 69.00 | OK | |
| r-oldrel-macos-arm64 | 0.84.1 | 2.00 | 30.00 | 32.00 | OK | |
| r-oldrel-macos-x86_64 | 0.84.1 | 3.00 | 25.00 | 28.00 | OK | |
| r-oldrel-windows-x86_64 | 0.84.1 | 4.00 | 59.00 | 63.00 | OK | 
Version: 0.84.1
Check: CRAN incoming feasibility
Result: NOTE
  Maintainer: ‘Matthias Gamer <m.gamer@uke.uni-hamburg.de>’
  
  No Authors@R field in DESCRIPTION.
  Please add one, modifying
    Authors@R: c(person(given = "Matthias",
                        family = "Gamer",
                        role = c("aut", "cre"),
                        email = "m.gamer@uke.uni-hamburg.de"),
                 person(given = "Jim",
                        family = "Lemon",
                        role = "aut",
                        email = "jim@bitwrit.com.au"),
                 person(given = c("Ian", "Fellows", "Puspendra", "Singh"),
                        family = "<puspendra.pusp22@gmail.com>",
                        role = "aut",
                        email = "puspendra.pusp22@gmail.com"))
  as necessary.
Flavors: r-devel-linux-x86_64-debian-clang, r-devel-linux-x86_64-debian-gcc