Last updated on 2024-08-25 05:49:24 CEST.
Flavor | Version | Tinstall | Tcheck | Ttotal | Status | Flags |
---|---|---|---|---|---|---|
r-devel-linux-x86_64-debian-clang | 0.2.9 | 136.37 | 172.18 | 308.55 | OK | |
r-devel-linux-x86_64-debian-gcc | 0.2.9 | 103.65 | 111.26 | 214.91 | OK | |
r-devel-linux-x86_64-fedora-clang | 0.2.9 | 534.73 | OK | |||
r-devel-linux-x86_64-fedora-gcc | 0.2.9 | 591.41 | OK | |||
r-devel-windows-x86_64 | 0.2.9 | 132.00 | 201.00 | 333.00 | OK | |
r-patched-linux-x86_64 | 0.2.9 | 151.82 | 162.25 | 314.07 | OK | |
r-release-linux-x86_64 | 0.2.9 | 146.01 | 165.67 | 311.68 | OK | |
r-release-macos-arm64 | 0.2.9 | 117.00 | NOTE | |||
r-release-macos-x86_64 | 0.2.9 | 160.00 | NOTE | |||
r-release-windows-x86_64 | 0.2.9 | 135.00 | 211.00 | 346.00 | OK | |
r-oldrel-macos-arm64 | 0.2.9 | 138.00 | NOTE | |||
r-oldrel-macos-x86_64 | 0.2.9 | 325.00 | NOTE | |||
r-oldrel-windows-x86_64 | 0.2.9 | 128.00 | 271.00 | 399.00 | OK |
Version: 0.2.9
Check: installed package size
Result: NOTE
installed size is 9.8Mb
sub-directories of 1Mb or more:
libs 8.1Mb
Flavors: r-release-macos-arm64, r-release-macos-x86_64, r-oldrel-macos-arm64, r-oldrel-macos-x86_64