Last updated on 2025-02-20 04:51:15 CET.
Flavor | Version | Tinstall | Tcheck | Ttotal | Status | Flags |
---|---|---|---|---|---|---|
r-devel-linux-x86_64-debian-clang | 0.2.7 | 7.96 | 35.42 | 43.38 | NOTE | |
r-devel-linux-x86_64-debian-gcc | 0.2.7 | 6.57 | 28.31 | 34.88 | NOTE | |
r-devel-linux-x86_64-fedora-clang | 0.2.7 | 83.98 | NOTE | |||
r-devel-linux-x86_64-fedora-gcc | 0.2.7 | 87.04 | NOTE | |||
r-devel-macos-arm64 | 0.2.7 | 34.00 | NOTE | |||
r-devel-macos-x86_64 | 0.2.7 | 65.00 | NOTE | |||
r-devel-windows-x86_64 | 0.2.7 | 17.00 | 70.00 | 87.00 | NOTE | |
r-patched-linux-x86_64 | 0.2.7 | 7.82 | 36.10 | 43.92 | NOTE | |
r-release-linux-x86_64 | 0.2.7 | 7.50 | 33.95 | 41.45 | NOTE | |
r-release-macos-arm64 | 0.2.7 | 38.00 | NOTE | |||
r-release-macos-x86_64 | 0.2.7 | 51.00 | NOTE | |||
r-release-windows-x86_64 | 0.2.7 | 16.00 | 72.00 | 88.00 | NOTE | |
r-oldrel-macos-arm64 | 0.2.7 | 35.00 | NOTE | |||
r-oldrel-macos-x86_64 | 0.2.7 | 52.00 | NOTE | |||
r-oldrel-windows-x86_64 | 0.2.7 | 16.00 | 86.00 | 102.00 | NOTE |
Version: 0.2.7
Check: C++ specification
Result: NOTE
Specified C++11: please drop specification unless essential
Flavors: r-devel-linux-x86_64-debian-clang, r-devel-linux-x86_64-debian-gcc, r-devel-linux-x86_64-fedora-clang, r-devel-linux-x86_64-fedora-gcc, r-devel-macos-arm64, r-devel-macos-x86_64, r-devel-windows-x86_64, r-patched-linux-x86_64, r-release-linux-x86_64, r-release-macos-arm64, r-release-macos-x86_64, r-release-windows-x86_64, r-oldrel-macos-arm64, r-oldrel-macos-x86_64, r-oldrel-windows-x86_64
Version: 0.2.7
Check: compiled code
Result: NOTE
File ‘isoband/libs/isoband.so’:
Found non-API call to R: ‘SETLENGTH’
Compiled code should not call non-API entry points in R.
See ‘Writing portable packages’ in the ‘Writing R Extensions’ manual,
and section ‘Moving into C API compliance’ for issues with the use of
non-API entry points.
Flavors: r-devel-linux-x86_64-debian-clang, r-devel-linux-x86_64-debian-gcc, r-devel-linux-x86_64-fedora-clang, r-devel-linux-x86_64-fedora-gcc, r-devel-macos-arm64, r-devel-macos-x86_64
Version: 0.2.7
Check: compiled code
Result: NOTE
File 'isoband/libs/x64/isoband.dll':
Found non-API call to R: 'SETLENGTH'
Compiled code should not call non-API entry points in R.
See 'Writing portable packages' in the 'Writing R Extensions' manual,
and section 'Moving into C API compliance' for issues with the use of
non-API entry points.
Flavor: r-devel-windows-x86_64