CRAN Package Check Results for Package isoboost

Last updated on 2025-10-26 04:48:38 CET.

Flavor Version Tinstall Tcheck Ttotal Status Flags
r-devel-linux-x86_64-debian-clang 1.0.1 2.97 29.09 32.06 NOTE
r-devel-linux-x86_64-debian-gcc 1.0.1 2.30 22.18 24.48 NOTE
r-devel-linux-x86_64-fedora-clang 1.0.1 47.73 OK
r-devel-linux-x86_64-fedora-gcc 1.0.1 43.73 OK
r-devel-windows-x86_64 1.0.1 5.00 46.00 51.00 OK
r-patched-linux-x86_64 1.0.1 3.13 27.78 30.91 OK
r-release-linux-x86_64 1.0.1 2.73 27.01 29.74 OK
r-release-macos-arm64 1.0.1 2.00 16.00 18.00 OK
r-release-macos-x86_64 1.0.1 2.00 29.00 31.00 OK
r-release-windows-x86_64 1.0.1 4.00 48.00 52.00 OK
r-oldrel-macos-arm64 1.0.1 1.00 17.00 18.00 OK
r-oldrel-macos-x86_64 1.0.1 2.00 23.00 25.00 OK
r-oldrel-windows-x86_64 1.0.1 4.00 52.00 56.00 OK

Check Details

Version: 1.0.1
Check: CRAN incoming feasibility
Result: NOTE Maintainer: ‘David Conde <dconde@eio.uva.es>’ Package CITATION file contains call(s) to old-style personList() or as.personList(). Please use c() on person objects instead. Package CITATION file contains call(s) to old-style citEntry(). Please use bibentry() instead. Flavors: r-devel-linux-x86_64-debian-clang, r-devel-linux-x86_64-debian-gcc