Last updated on 2025-10-25 05:50:05 CEST.
| Flavor | Version | Tinstall | Tcheck | Ttotal | Status | Flags |
|---|---|---|---|---|---|---|
| r-devel-linux-x86_64-debian-clang | 1.0.6 | 13.58 | 109.99 | 123.57 | NOTE | |
| r-devel-linux-x86_64-debian-gcc | 1.0.6 | 9.86 | 80.49 | 90.35 | NOTE | |
| r-devel-linux-x86_64-fedora-clang | 1.0.6 | 35.00 | 152.23 | 187.23 | OK | |
| r-devel-linux-x86_64-fedora-gcc | 1.0.6 | 32.00 | 138.78 | 170.78 | OK | |
| r-devel-windows-x86_64 | 1.0.6 | 14.00 | 109.00 | 123.00 | OK | |
| r-patched-linux-x86_64 | 1.0.6 | 11.83 | 103.98 | 115.81 | OK | |
| r-release-linux-x86_64 | 1.0.6 | 11.23 | 105.42 | 116.65 | OK | |
| r-release-macos-arm64 | 1.0.6 | 6.00 | 41.00 | 47.00 | OK | |
| r-release-macos-x86_64 | 1.0.6 | 10.00 | 79.00 | 89.00 | OK | |
| r-release-windows-x86_64 | 1.0.6 | 15.00 | 111.00 | 126.00 | OK | |
| r-oldrel-macos-arm64 | 1.0.6 | 5.00 | 41.00 | 46.00 | OK | |
| r-oldrel-macos-x86_64 | 1.0.6 | 8.00 | 62.00 | 70.00 | OK | |
| r-oldrel-windows-x86_64 | 1.0.6 | 20.00 | 140.00 | 160.00 | OK |
Version: 1.0.6
Check: CRAN incoming feasibility
Result: NOTE
Maintainer: ‘Yiqing Xu <yiqingxu@stanford.edu>’
The Description field contains
<arXiv:2303.11399>, including bootstrapped confidence intervals,
Please refer to arXiv e-prints via their arXiv DOI <doi:10.48550/arXiv.YYMM.NNNNN>.
Flavors: r-devel-linux-x86_64-debian-clang, r-devel-linux-x86_64-debian-gcc