Last updated on 2025-11-16 04:48:39 CET.
| Flavor | Version | Tinstall | Tcheck | Ttotal | Status | Flags |
|---|---|---|---|---|---|---|
| r-devel-linux-x86_64-debian-clang | 0.6-5 | 3.76 | 72.61 | 76.37 | OK | |
| r-devel-linux-x86_64-debian-gcc | 0.6-5 | 2.43 | 54.44 | 56.87 | NOTE | |
| r-devel-linux-x86_64-fedora-clang | 0.6-5 | 19.00 | 110.63 | 129.63 | OK | |
| r-devel-linux-x86_64-fedora-gcc | 0.6-5 | 125.46 | OK | |||
| r-devel-windows-x86_64 | 0.6-5 | 7.00 | 80.00 | 87.00 | OK | |
| r-patched-linux-x86_64 | 0.6-5 | 4.37 | 71.13 | 75.50 | OK | |
| r-release-linux-x86_64 | 0.6-5 | 3.75 | 69.94 | 73.69 | OK | |
| r-release-macos-arm64 | 0.6-5 | 2.00 | 38.00 | 40.00 | OK | |
| r-release-macos-x86_64 | 0.6-5 | 3.00 | 69.00 | 72.00 | OK | |
| r-release-windows-x86_64 | 0.6-5 | 6.00 | 83.00 | 89.00 | OK | |
| r-oldrel-macos-arm64 | 0.6-5 | 2.00 | 49.00 | 51.00 | OK | |
| r-oldrel-macos-x86_64 | 0.6-5 | 3.00 | 75.00 | 78.00 | OK | |
| r-oldrel-windows-x86_64 | 0.6-5 | 8.00 | 111.00 | 119.00 | OK |
Version: 0.6-5
Check: CRAN incoming feasibility
Result: NOTE
Maintainer: ‘Achim Zeileis <Achim.Zeileis@R-project.org>’
The BugReports field in DESCRIPTION has
https://github.com/zeileis/ivreg/issues/
which should likely be
https://github.com/zeileis/ivreg/issues/issues
instead.
Flavor: r-devel-linux-x86_64-debian-gcc