Last updated on 2025-11-16 04:48:39 CET.
| Flavor | Version | Tinstall | Tcheck | Ttotal | Status | Flags |
|---|---|---|---|---|---|---|
| r-devel-linux-x86_64-debian-clang | 0.1.1 | 2.83 | 29.76 | 32.59 | NOTE | |
| r-devel-linux-x86_64-debian-gcc | 0.1.1 | 1.99 | 23.51 | 25.50 | NOTE | |
| r-devel-linux-x86_64-fedora-clang | 0.1.1 | 46.01 | NOTE | |||
| r-devel-linux-x86_64-fedora-gcc | 0.1.1 | 42.25 | NOTE | |||
| r-devel-windows-x86_64 | 0.1.1 | 6.00 | 46.00 | 52.00 | NOTE | |
| r-patched-linux-x86_64 | 0.1.1 | 2.85 | 26.86 | 29.71 | NOTE | |
| r-release-linux-x86_64 | 0.1.1 | 2.08 | 26.71 | 28.79 | NOTE | |
| r-release-macos-arm64 | 0.1.1 | 2.00 | 19.00 | 21.00 | NOTE | |
| r-release-macos-x86_64 | 0.1.1 | 3.00 | 27.00 | 30.00 | NOTE | |
| r-release-windows-x86_64 | 0.1.1 | 4.00 | 45.00 | 49.00 | NOTE | |
| r-oldrel-macos-arm64 | 0.1.1 | 2.00 | 17.00 | 19.00 | OK | |
| r-oldrel-macos-x86_64 | 0.1.1 | 3.00 | 28.00 | 31.00 | OK | |
| r-oldrel-windows-x86_64 | 0.1.1 | 5.00 | 52.00 | 57.00 | OK |
Version: 0.1.1
Check: DESCRIPTION meta-information
Result: NOTE
Missing dependency on R >= 4.1.0 because package code uses the pipe
|> or function shorthand \(...) syntax added in R 4.1.0.
File(s) using such syntax:
‘jdenticon.R’
Flavors: r-devel-linux-x86_64-debian-clang, r-devel-linux-x86_64-debian-gcc, r-devel-linux-x86_64-fedora-clang, r-devel-linux-x86_64-fedora-gcc, r-devel-windows-x86_64, r-patched-linux-x86_64, r-release-linux-x86_64, r-release-macos-arm64, r-release-macos-x86_64, r-release-windows-x86_64