Last updated on 2025-11-16 04:48:39 CET.
| Flavor | Version | Tinstall | Tcheck | Ttotal | Status | Flags |
|---|---|---|---|---|---|---|
| r-devel-linux-x86_64-debian-clang | 0.1.0 | 1.85 | 25.87 | 27.72 | NOTE | |
| r-devel-linux-x86_64-debian-gcc | 0.1.0 | 1.60 | 21.09 | 22.69 | NOTE | |
| r-devel-linux-x86_64-fedora-clang | 0.1.0 | 37.22 | OK | |||
| r-devel-linux-x86_64-fedora-gcc | 0.1.0 | 35.04 | OK | |||
| r-devel-windows-x86_64 | 0.1.0 | 4.00 | 42.00 | 46.00 | OK | |
| r-patched-linux-x86_64 | 0.1.0 | 2.12 | 22.96 | 25.08 | OK | |
| r-release-linux-x86_64 | 0.1.0 | 1.94 | 23.05 | 24.99 | OK | |
| r-release-macos-arm64 | 0.1.0 | 2.00 | 17.00 | 19.00 | OK | |
| r-release-macos-x86_64 | 0.1.0 | 2.00 | 28.00 | 30.00 | OK | |
| r-release-windows-x86_64 | 0.1.0 | 4.00 | 42.00 | 46.00 | OK | |
| r-oldrel-macos-arm64 | 0.1.0 | 1.00 | 16.00 | 17.00 | OK | |
| r-oldrel-macos-x86_64 | 0.1.0 | 2.00 | 21.00 | 23.00 | OK | |
| r-oldrel-windows-x86_64 | 0.1.0 | 4.00 | 49.00 | 53.00 | OK |
Version: 0.1.0
Check: CRAN incoming feasibility
Result: NOTE
Maintainer: ‘Maciej Beręsewicz <maciej.beresewicz@ue.poznan.pl>’
The Description field contains
details <arXiv:2308.13281>.
Please refer to arXiv e-prints via their arXiv DOI <doi:10.48550/arXiv.YYMM.NNNNN>.
Flavors: r-devel-linux-x86_64-debian-clang, r-devel-linux-x86_64-debian-gcc
Version: 0.1.0
Check: HTML version of manual
Result: NOTE
Found the following HTML validation problems:
jointCalib.html:635:1 (joint_calib_create_matrix.Rd:80): Warning: <script> anchor "MathJax-script" already defined
Flavor: r-devel-linux-x86_64-debian-gcc