Last updated on 2025-02-22 04:51:15 CET.
Flavor | Version | Tinstall | Tcheck | Ttotal | Status | Flags |
---|---|---|---|---|---|---|
r-devel-linux-x86_64-debian-clang | 0.1.3 | 1.67 | 16.44 | 18.11 | OK | |
r-devel-linux-x86_64-debian-gcc | 0.1.3 | 1.26 | 13.64 | 14.90 | OK | |
r-devel-linux-x86_64-fedora-clang | 0.1.3 | 28.26 | OK | |||
r-devel-linux-x86_64-fedora-gcc | 0.1.3 | 27.61 | OK | |||
r-devel-macos-arm64 | 0.1.3 | 15.00 | OK | |||
r-devel-macos-x86_64 | 0.1.3 | 21.00 | OK | |||
r-devel-windows-x86_64 | 0.1.3 | 2.00 | 39.00 | 41.00 | OK | |
r-patched-linux-x86_64 | 0.1.3 | 1.58 | 16.04 | 17.62 | NOTE | |
r-release-linux-x86_64 | 0.1.3 | 1.21 | 15.50 | 16.71 | NOTE | |
r-release-macos-arm64 | 0.1.3 | 15.00 | NOTE | |||
r-release-macos-x86_64 | 0.1.3 | 25.00 | NOTE | |||
r-release-windows-x86_64 | 0.1.3 | 2.00 | 37.00 | 39.00 | NOTE | |
r-oldrel-macos-arm64 | 0.1.3 | 15.00 | NOTE | |||
r-oldrel-macos-x86_64 | 0.1.3 | 20.00 | NOTE | |||
r-oldrel-windows-x86_64 | 0.1.3 | 2.00 | 40.00 | 42.00 | NOTE |
Version: 0.1.3
Check: LazyData
Result: NOTE
'LazyData' is specified without a 'data' directory
Flavors: r-patched-linux-x86_64, r-release-linux-x86_64, r-release-macos-arm64, r-release-macos-x86_64, r-release-windows-x86_64, r-oldrel-macos-arm64, r-oldrel-macos-x86_64, r-oldrel-windows-x86_64