Last updated on 2025-11-16 04:48:40 CET.
| Flavor | Version | Tinstall | Tcheck | Ttotal | Status | Flags |
|---|---|---|---|---|---|---|
| r-devel-linux-x86_64-debian-clang | 2.1.0 | 10.35 | 154.58 | 164.93 | OK | |
| r-devel-linux-x86_64-debian-gcc | 2.1.0 | 8.22 | 119.89 | 128.11 | NOTE | |
| r-devel-linux-x86_64-fedora-clang | 2.1.0 | 26.00 | 234.62 | 260.62 | OK | |
| r-devel-linux-x86_64-fedora-gcc | 2.1.0 | 25.00 | 213.01 | 238.01 | OK | |
| r-devel-windows-x86_64 | 2.1.0 | 19.00 | 149.00 | 168.00 | OK | |
| r-patched-linux-x86_64 | 2.1.0 | 10.63 | 147.12 | 157.75 | OK | |
| r-release-linux-x86_64 | 2.1.0 | 9.60 | 168.86 | 178.46 | OK | |
| r-release-macos-arm64 | 2.1.0 | 6.00 | 103.00 | 109.00 | OK | |
| r-release-macos-x86_64 | 2.1.0 | 10.00 | 160.00 | 170.00 | OK | |
| r-release-windows-x86_64 | 2.1.0 | 16.00 | 147.00 | 163.00 | OK | |
| r-oldrel-macos-arm64 | 2.1.0 | 4.00 | 73.00 | 77.00 | OK | |
| r-oldrel-macos-x86_64 | 2.1.0 | 8.00 | 184.00 | 192.00 | OK | |
| r-oldrel-windows-x86_64 | 2.1.0 | 19.00 | 196.00 | 215.00 | OK |
Version: 2.1.0
Check: CRAN incoming feasibility
Result: NOTE
Maintainer: ‘Shinya Uryu <suika1127@gmail.com>’
The BugReports field in DESCRIPTION has
https://github.com/uribo/jpmesh/issues/
which should likely be
https://github.com/uribo/jpmesh/issues/issues
instead.
Flavor: r-devel-linux-x86_64-debian-gcc