Last updated on 2024-08-25 05:49:24 CEST.
Flavor | Version | Tinstall | Tcheck | Ttotal | Status | Flags |
---|---|---|---|---|---|---|
r-devel-linux-x86_64-debian-clang | 0.1.1 | 6.07 | 81.50 | 87.57 | OK | |
r-devel-linux-x86_64-debian-gcc | 0.1.1 | 4.43 | 60.29 | 64.72 | OK | |
r-devel-linux-x86_64-fedora-clang | 0.1.1 | 142.68 | NOTE | |||
r-devel-linux-x86_64-fedora-gcc | 0.1.1 | 147.03 | NOTE | |||
r-devel-windows-x86_64 | 0.1.1 | 7.00 | 95.00 | 102.00 | OK | |
r-patched-linux-x86_64 | 0.1.1 | 5.86 | 76.54 | 82.40 | OK | |
r-release-linux-x86_64 | 0.1.1 | 4.67 | 77.42 | 82.09 | OK | |
r-release-macos-arm64 | 0.1.1 | 54.00 | OK | |||
r-release-macos-x86_64 | 0.1.1 | 87.00 | OK | |||
r-release-windows-x86_64 | 0.1.1 | 7.00 | 95.00 | 102.00 | OK | |
r-oldrel-macos-arm64 | 0.1.1 | 51.00 | OK | |||
r-oldrel-macos-x86_64 | 0.1.1 | 84.00 | OK | |||
r-oldrel-windows-x86_64 | 0.1.1 | 9.00 | 106.00 | 115.00 | OK |
Version: 0.1.1
Check: dependencies in R code
Result: NOTE
Namespace in Imports field not imported from: ‘gifski’
All declared Imports should be used.
Flavors: r-devel-linux-x86_64-fedora-clang, r-devel-linux-x86_64-fedora-gcc