Last updated on 2025-11-16 04:48:40 CET.
| Flavor | Version | Tinstall | Tcheck | Ttotal | Status | Flags |
|---|---|---|---|---|---|---|
| r-devel-linux-x86_64-debian-clang | 1.1.1 | 12.47 | 39.80 | 52.27 | NOTE | |
| r-devel-linux-x86_64-debian-gcc | 1.1.1 | 8.86 | 30.87 | 39.73 | NOTE | |
| r-devel-linux-x86_64-fedora-clang | 1.1.1 | 53.00 | 35.73 | 88.73 | OK | |
| r-devel-linux-x86_64-fedora-gcc | 1.1.1 | 28.00 | 48.23 | 76.23 | OK | |
| r-devel-windows-x86_64 | 1.1.1 | 17.00 | 102.00 | 119.00 | OK | |
| r-patched-linux-x86_64 | 1.1.1 | 12.06 | 37.97 | 50.03 | OK | |
| r-release-linux-x86_64 | 1.1.1 | 11.79 | 38.19 | 49.98 | OK | |
| r-release-macos-arm64 | 1.1.1 | 7.00 | 47.00 | 54.00 | OK | |
| r-release-macos-x86_64 | 1.1.1 | 15.00 | 98.00 | 113.00 | OK | |
| r-release-windows-x86_64 | 1.1.1 | 17.00 | 101.00 | 118.00 | OK | |
| r-oldrel-macos-arm64 | 1.1.1 | 7.00 | 43.00 | 50.00 | OK | |
| r-oldrel-macos-x86_64 | 1.1.1 | 8.00 | 54.00 | 62.00 | OK | |
| r-oldrel-windows-x86_64 | 1.1.1 | 21.00 | 177.00 | 198.00 | OK |
Version: 1.1.1
Check: CRAN incoming feasibility
Result: NOTE
Maintainer: ‘Kristof Meers <kristof.meers+cran@kuleuven.be>’
The Description field contains
detection proposed by Arlot et al. (2012) <arXiv:1202.3878> is then
Please refer to arXiv e-prints via their arXiv DOI <doi:10.48550/arXiv.YYMM.NNNNN>.
Flavors: r-devel-linux-x86_64-debian-clang, r-devel-linux-x86_64-debian-gcc