Last updated on 2025-02-22 04:51:15 CET.
Flavor | Version | Tinstall | Tcheck | Ttotal | Status | Flags |
---|---|---|---|---|---|---|
r-devel-linux-x86_64-debian-clang | 0.1.1 | 1.82 | 18.11 | 19.93 | OK | |
r-devel-linux-x86_64-debian-gcc | 0.1.1 | 1.39 | 14.96 | 16.35 | OK | |
r-devel-linux-x86_64-fedora-clang | 0.1.1 | 31.72 | NOTE | |||
r-devel-linux-x86_64-fedora-gcc | 0.1.1 | 30.64 | NOTE | |||
r-devel-macos-arm64 | 0.1.1 | 15.00 | OK | |||
r-devel-macos-x86_64 | 0.1.1 | 27.00 | OK | |||
r-devel-windows-x86_64 | 0.1.1 | 3.00 | 57.00 | 60.00 | OK | |
r-patched-linux-x86_64 | 0.1.1 | 1.51 | 17.23 | 18.74 | OK | |
r-release-linux-x86_64 | 0.1.1 | 1.78 | 17.14 | 18.92 | OK | |
r-release-macos-arm64 | 0.1.1 | 15.00 | OK | |||
r-release-macos-x86_64 | 0.1.1 | 22.00 | OK | |||
r-release-windows-x86_64 | 0.1.1 | 3.00 | 41.00 | 44.00 | OK | |
r-oldrel-macos-arm64 | 0.1.1 | 17.00 | OK | |||
r-oldrel-macos-x86_64 | 0.1.1 | 32.00 | OK | |||
r-oldrel-windows-x86_64 | 0.1.1 | 3.00 | 46.00 | 49.00 | OK |
Version: 0.1.1
Check: dependencies in R code
Result: NOTE
Namespace in Imports field not imported from: ‘mvtnorm’
All declared Imports should be used.
Flavors: r-devel-linux-x86_64-fedora-clang, r-devel-linux-x86_64-fedora-gcc