Last updated on 2025-11-16 04:48:40 CET.
| Flavor | Version | Tinstall | Tcheck | Ttotal | Status | Flags |
|---|---|---|---|---|---|---|
| r-devel-linux-x86_64-debian-clang | 0.1.0.7 | 0.32 | 2.59 | 2.91 | ERROR | |
| r-devel-linux-x86_64-debian-gcc | 0.1.0.7 | 0.24 | 2.47 | 2.71 | ERROR | |
| r-devel-linux-x86_64-fedora-clang | 0.1.0.7 | 2.89 | ERROR | |||
| r-devel-linux-x86_64-fedora-gcc | 0.1.0.7 | 2.59 | ERROR | |||
| r-devel-windows-x86_64 | 0.1.0.7 | 6.00 | 5.00 | 11.00 | ERROR | |
| r-patched-linux-x86_64 | 0.1.0.7 | 0.32 | 1.99 | 2.31 | ERROR | |
| r-release-linux-x86_64 | 0.1.0.7 | 0.32 | 1.86 | 2.18 | ERROR | |
| r-release-macos-arm64 | 0.1.0.7 | 5.00 | 58.00 | 63.00 | OK | |
| r-release-macos-x86_64 | 0.1.0.7 | 8.00 | 98.00 | 106.00 | OK | |
| r-release-windows-x86_64 | 0.1.0.7 | 5.00 | 5.00 | 10.00 | ERROR | |
| r-oldrel-macos-arm64 | 0.1.0.7 | 5.00 | 58.00 | 63.00 | OK | |
| r-oldrel-macos-x86_64 | 0.1.0.7 | 7.00 | 79.00 | 86.00 | OK | |
| r-oldrel-windows-x86_64 | 0.1.0.7 | 6.00 | 9.00 | 15.00 | ERROR |
Version: 0.1.0.7
Check: package dependencies
Result: ERROR
Package required but not available: ‘tidyjson’
See section ‘The DESCRIPTION file’ in the ‘Writing R Extensions’
manual.
Flavors: r-devel-linux-x86_64-debian-clang, r-devel-linux-x86_64-debian-gcc, r-devel-linux-x86_64-fedora-clang, r-devel-linux-x86_64-fedora-gcc, r-patched-linux-x86_64, r-release-linux-x86_64
Version: 0.1.0.7
Check: CRAN incoming feasibility
Result: NOTE
Maintainer: ‘Turgut Abdullayev <turqut.a.314@gmail.com>’
The BugReports field in DESCRIPTION has
https://github.com/EagerAI/kerastuneR/issues/
which should likely be
https://github.com/EagerAI/kerastuneR/issues/issues
instead.
Flavor: r-devel-linux-x86_64-debian-gcc
Version: 0.1.0.7
Check: whether package can be installed
Result: ERROR
Installation failed.
Flavors: r-devel-windows-x86_64, r-release-windows-x86_64, r-oldrel-windows-x86_64