Last updated on 2025-11-16 04:48:40 CET.
| Flavor | Version | Tinstall | Tcheck | Ttotal | Status | Flags |
|---|---|---|---|---|---|---|
| r-devel-linux-x86_64-debian-clang | 0.1.8 | 4.09 | 57.49 | 61.58 | OK | |
| r-devel-linux-x86_64-debian-gcc | 0.1.8 | 3.13 | 41.16 | 44.29 | NOTE | |
| r-devel-linux-x86_64-fedora-clang | 0.1.8 | 25.00 | 71.81 | 96.81 | OK | |
| r-devel-linux-x86_64-fedora-gcc | 0.1.8 | 95.05 | OK | |||
| r-devel-windows-x86_64 | 0.1.8 | 10.00 | 70.00 | 80.00 | OK | |
| r-patched-linux-x86_64 | 0.1.8 | 4.59 | 52.38 | 56.97 | OK | |
| r-release-linux-x86_64 | 0.1.8 | 3.44 | 51.39 | 54.83 | OK | |
| r-release-macos-arm64 | 0.1.8 | 2.00 | 34.00 | 36.00 | OK | |
| r-release-macos-x86_64 | 0.1.8 | 4.00 | 66.00 | 70.00 | OK | |
| r-release-windows-x86_64 | 0.1.8 | 5.00 | 69.00 | 74.00 | OK | |
| r-oldrel-macos-arm64 | 0.1.8 | 2.00 | 36.00 | 38.00 | OK | |
| r-oldrel-macos-x86_64 | 0.1.8 | 5.00 | 72.00 | 77.00 | OK | |
| r-oldrel-windows-x86_64 | 0.1.8 | 8.00 | 85.00 | 93.00 | OK |
Version: 0.1.8
Check: CRAN incoming feasibility
Result: NOTE
Maintainer: ‘Evgeni Chasnovski <evgeni.chasnovski@gmail.com>’
The BugReports field in DESCRIPTION has
https://github.com/echasnovski/keyholder/issues/
which should likely be
https://github.com/echasnovski/keyholder/issues/issues
instead.
Flavor: r-devel-linux-x86_64-debian-gcc