CRAN Package Check Results for Package klustR

Last updated on 2025-11-16 04:48:40 CET.

Flavor Version Tinstall Tcheck Ttotal Status Flags
r-devel-linux-x86_64-debian-clang 0.1.0 2.22 26.54 28.76 OK
r-devel-linux-x86_64-debian-gcc 0.1.0 1.90 21.47 23.37 OK
r-devel-linux-x86_64-fedora-clang 0.1.0 11.00 33.15 44.15 OK
r-devel-linux-x86_64-fedora-gcc 0.1.0 38.67 OK
r-devel-windows-x86_64 0.1.0 7.00 43.00 50.00 OK
r-patched-linux-x86_64 0.1.0 2.47 23.97 26.44 OK
r-release-linux-x86_64 0.1.0 2.44 24.17 26.61 OK
r-release-macos-arm64 0.1.0 2.00 19.00 21.00 OK
r-release-macos-x86_64 0.1.0 2.00 24.00 26.00 OK
r-release-windows-x86_64 0.1.0 5.00 42.00 47.00 OK
r-oldrel-macos-arm64 0.1.0 1.00 16.00 17.00 NOTE
r-oldrel-macos-x86_64 0.1.0 2.00 21.00 23.00 NOTE
r-oldrel-windows-x86_64 0.1.0 5.00 50.00 55.00 NOTE

Check Details

Version: 0.1.0
Check: LazyData
Result: NOTE 'LazyData' is specified without a 'data' directory Flavors: r-oldrel-macos-arm64, r-oldrel-macos-x86_64, r-oldrel-windows-x86_64