Last updated on 2025-10-25 05:50:05 CEST.
| Flavor | Version | Tinstall | Tcheck | Ttotal | Status | Flags |
|---|---|---|---|---|---|---|
| r-devel-linux-x86_64-debian-clang | 1.0.1.9 | 24.28 | 155.83 | 180.11 | OK | |
| r-devel-linux-x86_64-debian-gcc | 1.0.1.9 | 15.71 | 115.61 | 131.32 | OK | |
| r-devel-linux-x86_64-fedora-clang | 1.0.1.9 | 93.00 | 202.61 | 295.61 | OK | |
| r-devel-linux-x86_64-fedora-gcc | 1.0.1.9 | 50.00 | 227.49 | 277.49 | OK | |
| r-devel-windows-x86_64 | 1.0.1.9 | 23.00 | 157.00 | 180.00 | OK | |
| r-patched-linux-x86_64 | 1.0.1.9 | 21.40 | 151.19 | 172.59 | OK | |
| r-release-linux-x86_64 | 1.0.1.9 | 23.16 | 147.52 | 170.68 | OK | |
| r-release-macos-arm64 | 1.0.1.9 | 13.00 | 74.00 | 87.00 | OK | |
| r-release-macos-x86_64 | 1.0.1.9 | 22.00 | 122.00 | 144.00 | OK | |
| r-release-windows-x86_64 | 1.0.1.9 | 25.00 | 142.00 | 167.00 | OK | |
| r-oldrel-macos-arm64 | 1.0.1.9 | 9.00 | 60.00 | 69.00 | NOTE | |
| r-oldrel-macos-x86_64 | 1.0.1.9 | 15.00 | 93.00 | 108.00 | NOTE | |
| r-oldrel-windows-x86_64 | 1.0.1.9 | 21.00 | 187.00 | 208.00 | NOTE |
Version: 1.0.1.9
Check: package dependencies
Result: NOTE
Package suggested but not available for checking: ‘kadmin’
Flavors: r-oldrel-macos-arm64, r-oldrel-macos-x86_64, r-oldrel-windows-x86_64