Last updated on 2025-10-25 05:50:06 CEST.
| Flavor | Version | Tinstall | Tcheck | Ttotal | Status | Flags |
|---|---|---|---|---|---|---|
| r-devel-linux-x86_64-debian-clang | 1.0.0 | 46.44 | 73.41 | 119.85 | NOTE | |
| r-devel-linux-x86_64-debian-gcc | 1.0.0 | 34.86 | 54.71 | 89.57 | NOTE | |
| r-devel-linux-x86_64-fedora-clang | 1.0.0 | 130.00 | 90.72 | 220.72 | OK | |
| r-devel-linux-x86_64-fedora-gcc | 1.0.0 | 89.00 | 105.97 | 194.97 | OK | |
| r-devel-windows-x86_64 | 1.0.0 | 60.00 | 99.00 | 159.00 | OK | |
| r-patched-linux-x86_64 | 1.0.0 | 46.33 | 69.36 | 115.69 | OK | |
| r-release-linux-x86_64 | 1.0.0 | 51.33 | 68.45 | 119.78 | OK | |
| r-release-macos-arm64 | 1.0.0 | 22.00 | 37.00 | 59.00 | OK | |
| r-release-macos-x86_64 | 1.0.0 | 21.00 | 61.00 | 82.00 | OK | |
| r-release-windows-x86_64 | 1.0.0 | 63.00 | 100.00 | 163.00 | OK | |
| r-oldrel-macos-arm64 | 1.0.0 | 22.00 | 31.00 | 53.00 | OK | |
| r-oldrel-macos-x86_64 | 1.0.0 | 20.00 | 57.00 | 77.00 | OK | |
| r-oldrel-windows-x86_64 | 1.0.0 | 73.00 | 126.00 | 199.00 | OK |
Version: 1.0.0
Check: CRAN incoming feasibility
Result: NOTE
Maintainer: ‘Juan Domingo Gonzalez <juanrst@hotmail.com>’
The Description field contains
<arxiv:1906.08198>).
Please refer to arXiv e-prints via their arXiv DOI <doi:10.48550/arXiv.YYMM.NNNNN>.
Flavors: r-devel-linux-x86_64-debian-clang, r-devel-linux-x86_64-debian-gcc