Last updated on 2025-02-21 04:51:51 CET.
Flavor | Version | Tinstall | Tcheck | Ttotal | Status | Flags |
---|---|---|---|---|---|---|
r-devel-linux-x86_64-debian-clang | 0.1.9 | 9.66 | 599.61 | 609.27 | NOTE | |
r-devel-linux-x86_64-debian-gcc | 0.1.9 | 5.93 | 308.45 | 314.38 | NOTE | |
r-devel-linux-x86_64-fedora-clang | 0.1.9 | 1032.14 | NOTE | |||
r-devel-linux-x86_64-fedora-gcc | 0.1.9 | 958.24 | NOTE | |||
r-devel-macos-arm64 | 0.1.9 | 139.00 | OK | |||
r-devel-macos-x86_64 | 0.1.9 | 429.00 | NOTE | |||
r-devel-windows-x86_64 | 0.1.9 | 9.00 | 497.00 | 506.00 | NOTE | |
r-patched-linux-x86_64 | 0.1.9 | 11.23 | 251.40 | 262.63 | OK | |
r-release-linux-x86_64 | 0.1.9 | 9.28 | 249.40 | 258.68 | OK | |
r-release-macos-arm64 | 0.1.9 | 103.00 | OK | |||
r-release-macos-x86_64 | 0.1.9 | 225.00 | OK | |||
r-release-windows-x86_64 | 0.1.9 | 11.00 | 266.00 | 277.00 | OK | |
r-oldrel-macos-arm64 | 0.1.9 | 100.00 | OK | |||
r-oldrel-macos-x86_64 | 0.1.9 | 215.00 | OK | |||
r-oldrel-windows-x86_64 | 0.1.9 | 10.00 | 321.00 | 331.00 | OK |
Version: 0.1.9
Check: DESCRIPTION meta-information
Result: NOTE
Missing dependency on R >= 4.1.0 because package code uses the pipe
|> or function shorthand \(...) syntax added in R 4.1.0.
File(s) using such syntax:
‘as_base_data_frame.R’ ‘as_base_data_frame2.R’
‘as_labeled_data_frame.R’ ‘irregular2.R’
Flavors: r-devel-linux-x86_64-debian-clang, r-devel-linux-x86_64-debian-gcc, r-devel-linux-x86_64-fedora-clang, r-devel-linux-x86_64-fedora-gcc, r-devel-macos-x86_64, r-devel-windows-x86_64