Last updated on 2025-11-16 04:48:40 CET.
| Flavor | Version | Tinstall | Tcheck | Ttotal | Status | Flags |
|---|---|---|---|---|---|---|
| r-devel-linux-x86_64-debian-clang | 1.0.1 | 2.19 | 36.40 | 38.59 | NOTE | |
| r-devel-linux-x86_64-debian-gcc | 1.0.1 | 2.02 | 27.39 | 29.41 | NOTE | |
| r-devel-linux-x86_64-fedora-clang | 1.0.1 | 12.00 | 47.66 | 59.66 | OK | |
| r-devel-linux-x86_64-fedora-gcc | 1.0.1 | 53.53 | OK | |||
| r-devel-windows-x86_64 | 1.0.1 | 5.00 | 51.00 | 56.00 | OK | |
| r-patched-linux-x86_64 | 1.0.1 | 2.45 | 33.77 | 36.22 | OK | |
| r-release-linux-x86_64 | 1.0.1 | 2.50 | 33.28 | 35.78 | OK | |
| r-release-macos-arm64 | 1.0.1 | 2.00 | 23.00 | 25.00 | OK | |
| r-release-macos-x86_64 | 1.0.1 | 3.00 | 42.00 | 45.00 | OK | |
| r-release-windows-x86_64 | 1.0.1 | 5.00 | 51.00 | 56.00 | OK | |
| r-oldrel-macos-arm64 | 1.0.1 | 1.00 | 20.00 | 21.00 | OK | |
| r-oldrel-macos-x86_64 | 1.0.1 | 2.00 | 27.00 | 29.00 | OK | |
| r-oldrel-windows-x86_64 | 1.0.1 | 5.00 | 61.00 | 66.00 | OK |
Version: 1.0.1
Check: DESCRIPTION meta-information
Result: NOTE
Author field differs from that derived from Authors@R
Author: ‘Alex Searle-Barnes [aut, cre] (<https://orcid.org/0000-0003-0389-7717>, https://github.com/alexsb1)’
Authors@R: ‘Alex Searle-Barnes [aut, cre] (ORCID: <https://orcid.org/0000-0003-0389-7717>, URL: https://github.com/alexsb1)’
Flavors: r-devel-linux-x86_64-debian-clang, r-devel-linux-x86_64-debian-gcc