CRAN Package Check Results for Package letsR

Last updated on 2025-11-16 04:48:40 CET.

Flavor Version Tinstall Tcheck Ttotal Status Flags
r-devel-linux-x86_64-debian-clang 5.0 25.77 346.70 372.47 NOTE
r-devel-linux-x86_64-debian-gcc 5.0 18.07 218.82 236.89 NOTE
r-devel-linux-x86_64-fedora-clang 5.0 61.00 434.33 495.33 OK
r-devel-linux-x86_64-fedora-gcc 5.0 54.00 545.78 599.78 OK
r-devel-windows-x86_64 5.0 26.00 283.00 309.00 NOTE
r-patched-linux-x86_64 5.0 24.31 331.41 355.72 NOTE
r-release-linux-x86_64 5.0 28.04 330.22 358.26 NOTE
r-release-macos-arm64 5.0 15.00 231.00 246.00 OK
r-release-macos-x86_64 5.0 34.00 334.00 368.00 OK
r-release-windows-x86_64 5.0 27.00 289.00 316.00 NOTE
r-oldrel-macos-arm64 5.0 10.00 124.00 134.00 OK
r-oldrel-macos-x86_64 5.0 17.00 215.00 232.00 OK
r-oldrel-windows-x86_64 5.0 36.00 382.00 418.00 OK

Check Details

Version: 5.0
Check: Rd cross-references
Result: NOTE Found the following Rd file(s) with Rd \link{} targets missing package anchors: lets.presab.Rd: terra, sf lets.presab.grid.Rd: terra, sf lets.shFilter.Rd: terra, sf Please provide package anchors for all Rd \link{} targets not in the package itself and the base packages. Flavors: r-devel-linux-x86_64-debian-clang, r-devel-linux-x86_64-debian-gcc, r-devel-windows-x86_64, r-patched-linux-x86_64, r-release-linux-x86_64, r-release-windows-x86_64