CRAN Package Check Results for Package lfc

Last updated on 2025-11-16 04:48:40 CET.

Flavor Version Tinstall Tcheck Ttotal Status Flags
r-devel-linux-x86_64-debian-clang 0.2.3 1.73 61.94 63.67 NOTE
r-devel-linux-x86_64-debian-gcc 0.2.3 1.41 47.05 48.46 NOTE
r-devel-linux-x86_64-fedora-clang 0.2.3 107.56 OK
r-devel-linux-x86_64-fedora-gcc 0.2.3 16.00 105.84 121.84 OK
r-devel-windows-x86_64 0.2.3 3.00 76.00 79.00 OK
r-patched-linux-x86_64 0.2.3 1.51 57.26 58.77 OK
r-release-linux-x86_64 0.2.3 1.39 29.69 31.08 ERROR
r-release-macos-arm64 0.2.3 1.00 40.00 41.00 OK
r-release-macos-x86_64 0.2.3 2.00 71.00 73.00 OK
r-release-windows-x86_64 0.2.3 3.00 79.00 82.00 OK
r-oldrel-macos-arm64 0.2.3 1.00 38.00 39.00 OK
r-oldrel-macos-x86_64 0.2.3 1.00 55.00 56.00 OK
r-oldrel-windows-x86_64 0.2.3 6.00 95.00 101.00 OK

Check Details

Version: 0.2.3
Check: CRAN incoming feasibility
Result: NOTE Maintainer: ‘Florian Erhard <florian.erhard@uni-wuerzburg.de>’ No Authors@R field in DESCRIPTION. Please add one, modifying Authors@R: person(given = "Florian", family = "Erhard", role = c("aut", "cre"), email = "florian.erhard@uni-wuerzburg.de") as necessary. Flavors: r-devel-linux-x86_64-debian-clang, r-devel-linux-x86_64-debian-gcc

Version: 0.2.3
Check: re-building of vignette outputs
Result: ERROR Error(s) in re-building vignettes: ... --- re-building ‘lfc_vignette.Rmd’ using rmarkdown Quitting from lfc_vignette.Rmd:34-47 [unnamed-chunk-1] ~~~~~~~~~~~~~~~~~~~~~~~~~~~~~~~~~~~~~~~~~~~~~~~~~~~~~~~~~~~~~~~~~~~~~~~~~~~~~~~~ <error/rlang_error> Error in `library()`: ! there is no package called 'DESeq2' --- Backtrace: ▆ 1. └─base::library(DESeq2) ~~~~~~~~~~~~~~~~~~~~~~~~~~~~~~~~~~~~~~~~~~~~~~~~~~~~~~~~~~~~~~~~~~~~~~~~~~~~~~~~ Error: processing vignette 'lfc_vignette.Rmd' failed with diagnostics: there is no package called 'DESeq2' --- failed re-building ‘lfc_vignette.Rmd’ SUMMARY: processing the following file failed: ‘lfc_vignette.Rmd’ Error: Vignette re-building failed. Execution halted Flavor: r-release-linux-x86_64