Last updated on 2025-11-16 04:48:40 CET.
| Flavor | Version | Tinstall | Tcheck | Ttotal | Status | Flags |
|---|---|---|---|---|---|---|
| r-devel-linux-x86_64-debian-clang | 0.5.0 | 16.27 | 71.94 | 88.21 | OK | |
| r-devel-linux-x86_64-debian-gcc | 0.5.0 | 10.54 | 58.88 | 69.42 | NOTE | |
| r-devel-linux-x86_64-fedora-clang | 0.5.0 | 77.00 | 66.61 | 143.61 | OK | |
| r-devel-linux-x86_64-fedora-gcc | 0.5.0 | 36.00 | 107.06 | 143.06 | OK | |
| r-devel-windows-x86_64 | 0.5.0 | 19.00 | 97.00 | 116.00 | OK | |
| r-patched-linux-x86_64 | 0.5.0 | 19.42 | 67.72 | 87.14 | OK | |
| r-release-linux-x86_64 | 0.5.0 | 16.10 | 67.85 | 83.95 | OK | |
| r-release-macos-arm64 | 0.5.0 | 7.00 | 78.00 | 85.00 | OK | |
| r-release-macos-x86_64 | 0.5.0 | 15.00 | 111.00 | 126.00 | OK | |
| r-release-windows-x86_64 | 0.5.0 | 16.00 | 98.00 | 114.00 | OK | |
| r-oldrel-macos-arm64 | 0.5.0 | 7.00 | 72.00 | 79.00 | OK | |
| r-oldrel-macos-x86_64 | 0.5.0 | 12.00 | 130.00 | 142.00 | OK | |
| r-oldrel-windows-x86_64 | 0.5.0 | 22.00 | 114.00 | 136.00 | OK |
Version: 0.5.0
Check: CRAN incoming feasibility
Result: NOTE
Maintainer: ‘Stefan Fleck <stefan.b.fleck@gmail.com>’
The BugReports field in DESCRIPTION has
https://github.com/s-fleck/lgr/issues/
which should likely be
https://github.com/s-fleck/lgr/issues/issues
instead.
Flavor: r-devel-linux-x86_64-debian-gcc
Version: 0.5.0
Check: HTML version of manual
Result: NOTE
Found the following HTML validation problems:
lgr.html:1742:1 (AppenderFileRotatingTime.Rd:74): Warning: <a> anchor "method-AppenderFileRotating-new" already defined
lgr.html:1784:1 (AppenderFileRotatingTime.Rd:105): Warning: <a> anchor "method-AppenderFileRotating-rotate" already defined
lgr.html:1869:1 (AppenderFileRotatingTime.Rd:158): Warning: <a> anchor "method-AppenderFileRotating-format" already defined
lgr.html:1883:1 (AppenderFileRotatingTime.Rd:167): Warning: <a> anchor "method-AppenderFileRotating-clone" already defined
Flavor: r-devel-linux-x86_64-debian-gcc