Last updated on 2025-02-22 04:51:16 CET.
Flavor | Version | Tinstall | Tcheck | Ttotal | Status | Flags |
---|---|---|---|---|---|---|
r-devel-linux-x86_64-debian-clang | 0.1.0 | 8.93 | 143.44 | 152.37 | NOTE | |
r-devel-linux-x86_64-debian-gcc | 0.1.0 | 6.17 | 102.80 | 108.97 | NOTE | |
r-devel-linux-x86_64-fedora-clang | 0.1.0 | 236.47 | OK | |||
r-devel-linux-x86_64-fedora-gcc | 0.1.0 | 240.12 | OK | |||
r-devel-macos-arm64 | 0.1.0 | 77.00 | OK | |||
r-devel-macos-x86_64 | 0.1.0 | 135.00 | OK | |||
r-devel-windows-x86_64 | 0.1.0 | 10.00 | 301.00 | 311.00 | NOTE | |
r-patched-linux-x86_64 | 0.1.0 | 14.36 | 132.47 | 146.83 | OK | |
r-release-linux-x86_64 | 0.1.0 | 7.91 | 132.78 | 140.69 | OK | |
r-release-macos-arm64 | 0.1.0 | 79.00 | OK | |||
r-release-macos-x86_64 | 0.1.0 | 110.00 | OK | |||
r-release-windows-x86_64 | 0.1.0 | 9.00 | 301.00 | 310.00 | OK | |
r-oldrel-macos-arm64 | 0.1.0 | 80.00 | OK | |||
r-oldrel-macos-x86_64 | 0.1.0 | 124.00 | OK | |||
r-oldrel-windows-x86_64 | 0.1.0 | 12.00 | 272.00 | 284.00 | OK |
Version: 0.1.0
Check: Rd cross-references
Result: NOTE
Found the following Rd file(s) with Rd \link{} targets missing package
anchors:
Person.Rd: R6Class
Please provide package anchors for all Rd \link{} targets not in the
package itself and the base packages.
Flavors: r-devel-linux-x86_64-debian-clang, r-devel-linux-x86_64-debian-gcc, r-devel-windows-x86_64