Last updated on 2025-11-16 04:48:41 CET.
| Flavor | Version | Tinstall | Tcheck | Ttotal | Status | Flags |
|---|---|---|---|---|---|---|
| r-devel-linux-x86_64-debian-clang | 0.6-2 | 10.61 | 92.46 | 103.07 | OK | |
| r-devel-linux-x86_64-debian-gcc | 0.6-2 | 7.70 | 67.97 | 75.67 | NOTE | |
| r-devel-linux-x86_64-fedora-clang | 0.6-2 | 24.00 | 135.56 | 159.56 | OK | |
| r-devel-linux-x86_64-fedora-gcc | 0.6-2 | 22.00 | 151.41 | 173.41 | OK | |
| r-devel-windows-x86_64 | 0.6-2 | 17.00 | 106.00 | 123.00 | OK | |
| r-patched-linux-x86_64 | 0.6-2 | 8.54 | 87.42 | 95.96 | OK | |
| r-release-linux-x86_64 | 0.6-2 | 9.96 | 87.46 | 97.42 | OK | |
| r-release-macos-arm64 | 0.6-2 | 5.00 | 51.00 | 56.00 | OK | |
| r-release-macos-x86_64 | 0.6-2 | 9.00 | 106.00 | 115.00 | OK | |
| r-release-windows-x86_64 | 0.6-2 | 12.00 | 102.00 | 114.00 | OK | |
| r-oldrel-macos-arm64 | 0.6-2 | 5.00 | 53.00 | 58.00 | OK | |
| r-oldrel-macos-x86_64 | 0.6-2 | 8.00 | 85.00 | 93.00 | OK | |
| r-oldrel-windows-x86_64 | 0.6-2 | 17.00 | 127.00 | 144.00 | OK |
Version: 0.6-2
Check: CRAN incoming feasibility
Result: NOTE
Maintainer: ‘Chris Reudenbach <reudenbach@uni-marburg.de>’
The BugReports field in DESCRIPTION has
https://github.com/r-spatial/link2GI/issues/
which should likely be
https://github.com/r-spatial/link2GI/issues/issues
instead.
Flavor: r-devel-linux-x86_64-debian-gcc