CRAN Package Check Results for Package lmmpar

Last updated on 2025-02-21 04:51:51 CET.

Flavor Version Tinstall Tcheck Ttotal Status Flags
r-devel-linux-x86_64-debian-clang 0.1.0 1.81 27.41 29.22 OK
r-devel-linux-x86_64-debian-gcc 0.1.0 1.19 21.17 22.36 OK
r-devel-linux-x86_64-fedora-clang 0.1.0 46.08 NOTE
r-devel-linux-x86_64-fedora-gcc 0.1.0 43.58 NOTE
r-devel-macos-arm64 0.1.0 19.00 OK
r-devel-macos-x86_64 0.1.0 31.00 OK
r-devel-windows-x86_64 0.1.0 3.00 53.00 56.00 OK
r-patched-linux-x86_64 0.1.0 1.59 25.76 27.35 NOTE
r-release-linux-x86_64 0.1.0 1.52 25.54 27.06 NOTE
r-release-macos-arm64 0.1.0 20.00 NOTE
r-release-macos-x86_64 0.1.0 26.00 NOTE
r-release-windows-x86_64 0.1.0 2.00 53.00 55.00 NOTE
r-oldrel-macos-arm64 0.1.0 20.00 NOTE
r-oldrel-macos-x86_64 0.1.0 26.00 NOTE
r-oldrel-windows-x86_64 0.1.0 3.00 60.00 63.00 NOTE

Check Details

Version: 0.1.0
Check: dependencies in R code
Result: NOTE Namespace in Imports field not imported from: ‘mnormt’ All declared Imports should be used. Flavors: r-devel-linux-x86_64-fedora-clang, r-devel-linux-x86_64-fedora-gcc

Version: 0.1.0
Check: LazyData
Result: NOTE 'LazyData' is specified without a 'data' directory Flavors: r-patched-linux-x86_64, r-release-linux-x86_64, r-release-macos-arm64, r-release-macos-x86_64, r-release-windows-x86_64, r-oldrel-macos-arm64, r-oldrel-macos-x86_64, r-oldrel-windows-x86_64