Last updated on 2025-02-21 04:51:52 CET.
Flavor | Version | Tinstall | Tcheck | Ttotal | Status | Flags |
---|---|---|---|---|---|---|
r-devel-linux-x86_64-debian-clang | 0.1.1 | 13.25 | 99.40 | 112.65 | OK | |
r-devel-linux-x86_64-debian-gcc | 0.1.1 | 9.09 | 72.78 | 81.87 | OK | |
r-devel-linux-x86_64-fedora-clang | 0.1.1 | 173.69 | NOTE | |||
r-devel-linux-x86_64-fedora-gcc | 0.1.1 | 168.85 | NOTE | |||
r-devel-macos-arm64 | 0.1.1 | 52.00 | OK | |||
r-devel-macos-x86_64 | 0.1.1 | 101.00 | OK | |||
r-devel-windows-x86_64 | 0.1.1 | 13.00 | 108.00 | 121.00 | OK | |
r-patched-linux-x86_64 | 0.1.1 | 11.31 | 92.23 | 103.54 | OK | |
r-release-linux-x86_64 | 0.1.1 | 12.37 | 91.53 | 103.90 | OK | |
r-release-macos-arm64 | 0.1.1 | 51.00 | OK | |||
r-release-macos-x86_64 | 0.1.1 | 78.00 | OK | |||
r-release-windows-x86_64 | 0.1.1 | 14.00 | 102.00 | 116.00 | OK | |
r-oldrel-macos-arm64 | 0.1.1 | 66.00 | OK | |||
r-oldrel-macos-x86_64 | 0.1.1 | 110.00 | OK | |||
r-oldrel-windows-x86_64 | 0.1.1 | 17.00 | 145.00 | 162.00 | OK |
Version: 0.1.1
Check: dependencies in R code
Result: NOTE
Namespace in Imports field not imported from: ‘lestat’
All declared Imports should be used.
Flavors: r-devel-linux-x86_64-fedora-clang, r-devel-linux-x86_64-fedora-gcc