Last updated on 2025-11-16 04:48:41 CET.
| Flavor | Version | Tinstall | Tcheck | Ttotal | Status | Flags |
|---|---|---|---|---|---|---|
| r-devel-linux-x86_64-debian-clang | 0.1.3 | 13.24 | 96.11 | 109.35 | NOTE | |
| r-devel-linux-x86_64-debian-gcc | 0.1.3 | 9.96 | 70.42 | 80.38 | NOTE | |
| r-devel-linux-x86_64-fedora-clang | 0.1.3 | 24.00 | 145.65 | 169.65 | NOTE | |
| r-devel-linux-x86_64-fedora-gcc | 0.1.3 | 24.00 | 156.85 | 180.85 | NOTE | |
| r-devel-windows-x86_64 | 0.1.3 | 16.00 | 100.00 | 116.00 | NOTE | |
| r-patched-linux-x86_64 | 0.1.3 | 12.65 | 95.27 | 107.92 | NOTE | |
| r-release-linux-x86_64 | 0.1.3 | 12.53 | 97.09 | 109.62 | NOTE | |
| r-release-macos-arm64 | 0.1.3 | 9.00 | 57.00 | 66.00 | NOTE | |
| r-release-macos-x86_64 | 0.1.3 | 17.00 | 98.00 | 115.00 | NOTE | |
| r-release-windows-x86_64 | 0.1.3 | 13.00 | 102.00 | 115.00 | NOTE | |
| r-oldrel-macos-arm64 | 0.1.3 | 10.00 | 66.00 | 76.00 | OK | |
| r-oldrel-macos-x86_64 | 0.1.3 | 14.00 | 133.00 | 147.00 | OK | |
| r-oldrel-windows-x86_64 | 0.1.3 | 14.00 | 131.00 | 145.00 | OK |
Version: 0.1.3
Check: DESCRIPTION meta-information
Result: NOTE
Missing dependency on R >= 4.1.0 because package code uses the pipe
|> or function shorthand \(...) syntax added in R 4.1.0.
File(s) using such syntax:
‘bittermelon.R’ ‘lofi.Rd’
Flavors: r-devel-linux-x86_64-debian-clang, r-devel-linux-x86_64-debian-gcc, r-devel-linux-x86_64-fedora-clang, r-devel-linux-x86_64-fedora-gcc, r-devel-windows-x86_64, r-patched-linux-x86_64, r-release-linux-x86_64, r-release-macos-arm64, r-release-macos-x86_64, r-release-windows-x86_64