Last updated on 2025-10-26 04:48:39 CET.
| Flavor | Version | Tinstall | Tcheck | Ttotal | Status | Flags |
|---|---|---|---|---|---|---|
| r-devel-linux-x86_64-debian-clang | 2.1.8 | 9.20 | 93.72 | 102.92 | NOTE | |
| r-devel-linux-x86_64-debian-gcc | 2.1.8 | 6.32 | 69.16 | 75.48 | NOTE | |
| r-devel-linux-x86_64-fedora-clang | 2.1.8 | 22.00 | 132.51 | 154.51 | OK | |
| r-devel-linux-x86_64-fedora-gcc | 2.1.8 | 17.00 | 142.78 | 159.78 | OK | |
| r-devel-windows-x86_64 | 2.1.8 | 10.00 | 120.00 | 130.00 | OK | |
| r-patched-linux-x86_64 | 2.1.8 | 9.50 | 90.22 | 99.72 | OK | |
| r-release-linux-x86_64 | 2.1.8 | 8.37 | 89.08 | 97.45 | OK | |
| r-release-macos-arm64 | 2.1.8 | 5.00 | 59.00 | 64.00 | OK | |
| r-release-macos-x86_64 | 2.1.8 | 7.00 | 92.00 | 99.00 | OK | |
| r-release-windows-x86_64 | 2.1.8 | 10.00 | 122.00 | 132.00 | OK | |
| r-oldrel-macos-arm64 | 2.1.8 | 4.00 | 48.00 | 52.00 | OK | |
| r-oldrel-macos-x86_64 | 2.1.8 | 6.00 | 74.00 | 80.00 | OK | |
| r-oldrel-windows-x86_64 | 2.1.8 | 13.00 | 140.00 | 153.00 | OK |
Version: 2.1.8
Check: CRAN incoming feasibility
Result: NOTE
Maintainer: ‘Kaspar Rufibach <kaspar.rufibach@gmail.com>’
No Authors@R field in DESCRIPTION.
Please add one, modifying
Authors@R: c(person(given = "Kaspar",
family = "Rufibach",
role = c("aut", "cre"),
email = "kaspar.rufibach@gmail.com"),
person(given = "Lutz",
family = "Duembgen",
role = "aut",
email = "duembgen@stat.unibe.ch"))
as necessary.
Flavors: r-devel-linux-x86_64-debian-clang, r-devel-linux-x86_64-debian-gcc