Last updated on 2024-08-25 05:49:25 CEST.
Flavor | Version | Tinstall | Tcheck | Ttotal | Status | Flags |
---|---|---|---|---|---|---|
r-devel-linux-x86_64-debian-clang | 2.8.0 | 7.25 | 126.59 | 133.84 | OK | |
r-devel-linux-x86_64-debian-gcc | 2.8.0 | 3.89 | 86.85 | 90.74 | OK | |
r-devel-linux-x86_64-fedora-clang | 2.8.0 | 219.92 | OK | |||
r-devel-linux-x86_64-fedora-gcc | 2.8.0 | 222.14 | OK | |||
r-devel-windows-x86_64 | 2.8.0 | 10.00 | 184.00 | 194.00 | OK | |
r-patched-linux-x86_64 | 2.8.0 | 8.87 | 120.69 | 129.56 | OK | |
r-release-linux-x86_64 | 2.8.0 | 6.49 | 122.41 | 128.90 | OK | |
r-release-macos-arm64 | 2.8.0 | 81.00 | OK | |||
r-release-macos-x86_64 | 2.8.0 | 210.00 | OK | |||
r-release-windows-x86_64 | 2.8.0 | 10.00 | 176.00 | 186.00 | OK | |
r-oldrel-macos-arm64 | 1803.00 | FAIL | ||||
r-oldrel-macos-x86_64 | 2.8.0 | 22.00 | ERROR | |||
r-oldrel-windows-x86_64 | 2.8.0 | 12.00 | 189.00 | 201.00 | OK |
Version: 2.8.0
Check: running R code from vignettes
Result: FAIL
Flavor: r-oldrel-macos-arm64
Version: 2.8.0
Check: whether package can be installed
Result: ERROR
Installation failed.
Flavor: r-oldrel-macos-x86_64