Last updated on 2024-08-25 05:49:25 CEST.
Flavor | Version | Tinstall | Tcheck | Ttotal | Status | Flags |
---|---|---|---|---|---|---|
r-devel-linux-x86_64-debian-clang | 2.2.2 | 7.63 | 271.86 | 279.49 | NOTE | |
r-devel-linux-x86_64-debian-gcc | 2.2.2 | 5.76 | 192.94 | 198.70 | NOTE | |
r-devel-linux-x86_64-fedora-clang | 2.2.2 | 447.26 | NOTE | |||
r-devel-linux-x86_64-fedora-gcc | 2.2.2 | 476.99 | NOTE | |||
r-devel-windows-x86_64 | 2.2.2 | 9.00 | 357.00 | 366.00 | NOTE | |
r-patched-linux-x86_64 | 2.2.2 | 6.86 | 284.78 | 291.64 | NOTE | |
r-release-linux-x86_64 | 2.2.2 | 7.05 | 284.15 | 291.20 | NOTE | |
r-release-macos-arm64 | 2.2.2 | 153.00 | NOTE | |||
r-release-macos-x86_64 | 2.2.2 | 310.00 | NOTE | |||
r-release-windows-x86_64 | 2.2.2 | 8.00 | 358.00 | 366.00 | NOTE | |
r-oldrel-macos-arm64 | 2.2.2 | 170.00 | OK | |||
r-oldrel-macos-x86_64 | 2.2.2 | 345.00 | OK | |||
r-oldrel-windows-x86_64 | 2.2.2 | 11.00 | 409.00 | 420.00 | OK |
Version: 2.2.2
Check: Rd files
Result: NOTE
checkRd: (-1) qut.Rd:16: Lost braces; missing escapes or markup?
16 | \item{q}{A number between \code{0} and \code{1}. The quantile of the distribution of $lambda_{QUT}$ to take.}
| ^
checkRd: (-1) qut.Rd:25: Lost braces; missing escapes or markup?
25 | the value of $lambda_{QUT}$ to use in LoRI.
| ^
Flavors: r-devel-linux-x86_64-debian-clang, r-devel-linux-x86_64-debian-gcc, r-devel-linux-x86_64-fedora-clang, r-devel-linux-x86_64-fedora-gcc, r-devel-windows-x86_64, r-patched-linux-x86_64, r-release-linux-x86_64, r-release-macos-arm64, r-release-macos-x86_64, r-release-windows-x86_64