CRAN Package Check Results for Package ltsa

Last updated on 2025-02-22 04:51:16 CET.

Flavor Version Tinstall Tcheck Ttotal Status Flags
r-devel-linux-x86_64-debian-clang 1.4.6.1 4.54 26.88 31.42 OK
r-devel-linux-x86_64-debian-gcc 1.4.6.1 3.85 20.90 24.75 OK
r-devel-linux-x86_64-fedora-clang 1.4.6.1 49.81 NOTE
r-devel-linux-x86_64-fedora-gcc 1.4.6.1 48.05 NOTE
r-devel-macos-arm64 1.4.6.1 21.00 OK
r-devel-macos-x86_64 1.4.6.1 34.00 OK
r-devel-windows-x86_64 1.4.6.1 10.00 75.00 85.00 OK
r-patched-linux-x86_64 1.4.6.1 4.69 25.65 30.34 OK
r-release-linux-x86_64 1.4.6.1 4.14 25.74 29.88 OK
r-release-macos-arm64 1.4.6.1 26.00 OK
r-release-macos-x86_64 1.4.6.1 56.00 OK
r-release-windows-x86_64 1.4.6.1 12.00 55.00 67.00 OK
r-oldrel-macos-arm64 1.4.6.1 28.00 OK
r-oldrel-macos-x86_64 1.4.6.1 59.00 OK
r-oldrel-windows-x86_64 1.4.6.1 14.00 56.00 70.00 OK

Check Details

Version: 1.4.6.1
Check: compiled code
Result: NOTE File ‘ltsa/libs/ltsa.so’: Found no calls to: ‘R_registerRoutines’, ‘R_useDynamicSymbols’ It is good practice to register native routines and to disable symbol search. See ‘Writing portable packages’ in the ‘Writing R Extensions’ manual. Flavors: r-devel-linux-x86_64-fedora-clang, r-devel-linux-x86_64-fedora-gcc