Last updated on 2024-08-25 05:49:25 CEST.
Flavor | Version | Tinstall | Tcheck | Ttotal | Status | Flags |
---|---|---|---|---|---|---|
r-devel-linux-x86_64-debian-clang | 0.1.0 | 53.92 | 137.13 | 191.05 | NOTE | |
r-devel-linux-x86_64-debian-gcc | 0.1.0 | 40.93 | 95.16 | 136.09 | NOTE | |
r-devel-linux-x86_64-fedora-clang | 0.1.0 | 351.83 | NOTE | |||
r-devel-linux-x86_64-fedora-gcc | 0.1.0 | 363.74 | NOTE | |||
r-devel-windows-x86_64 | 0.1.0 | 58.00 | 206.00 | 264.00 | NOTE | |
r-patched-linux-x86_64 | 0.1.0 | 61.60 | 131.35 | 192.95 | NOTE | |
r-release-linux-x86_64 | 0.1.0 | 58.64 | 132.19 | 190.83 | NOTE | |
r-release-macos-arm64 | 0.1.0 | 104.00 | NOTE | |||
r-release-macos-x86_64 | 0.1.0 | 141.00 | NOTE | |||
r-release-windows-x86_64 | 0.1.0 | 61.00 | 202.00 | 263.00 | NOTE | |
r-oldrel-macos-arm64 | 0.1.0 | 113.00 | NOTE | |||
r-oldrel-macos-x86_64 | 0.1.0 | 189.00 | NOTE | |||
r-oldrel-windows-x86_64 | 0.1.0 | 74.00 | 208.00 | 282.00 | NOTE |
Version: 0.1.0
Check: C++ specification
Result: NOTE
Specified C++11: please drop specification unless essential
Flavors: r-devel-linux-x86_64-debian-clang, r-devel-linux-x86_64-debian-gcc, r-devel-linux-x86_64-fedora-clang, r-devel-linux-x86_64-fedora-gcc, r-devel-windows-x86_64, r-patched-linux-x86_64, r-release-linux-x86_64, r-release-macos-arm64, r-release-macos-x86_64, r-release-windows-x86_64, r-oldrel-macos-arm64, r-oldrel-macos-x86_64, r-oldrel-windows-x86_64