Last updated on 2025-11-16 04:48:41 CET.
| Flavor | Version | Tinstall | Tcheck | Ttotal | Status | Flags |
|---|---|---|---|---|---|---|
| r-devel-linux-x86_64-debian-clang | 1.1.1 | 8.44 | 145.23 | 153.67 | OK | |
| r-devel-linux-x86_64-debian-gcc | 1.1.1 | 6.33 | 100.84 | 107.17 | NOTE | |
| r-devel-linux-x86_64-fedora-clang | 1.1.1 | 18.00 | 221.61 | 239.61 | OK | |
| r-devel-linux-x86_64-fedora-gcc | 1.1.1 | 22.00 | 236.37 | 258.37 | OK | |
| r-devel-windows-x86_64 | 1.1.1 | 16.00 | 158.00 | 174.00 | OK | |
| r-patched-linux-x86_64 | 1.1.1 | 9.31 | 145.34 | 154.65 | OK | |
| r-release-linux-x86_64 | 1.1.1 | 9.02 | 143.48 | 152.50 | OK | |
| r-release-macos-arm64 | 1.1.1 | 4.00 | 66.00 | 70.00 | OK | |
| r-release-macos-x86_64 | 1.1.1 | 13.00 | 161.00 | 174.00 | OK | |
| r-release-windows-x86_64 | 1.1.1 | 12.00 | 157.00 | 169.00 | OK | |
| r-oldrel-macos-arm64 | 1.1.1 | 4.00 | 71.00 | 75.00 | OK | |
| r-oldrel-macos-x86_64 | 1.1.1 | 13.00 | 166.00 | 179.00 | OK | |
| r-oldrel-windows-x86_64 | 1.1.1 | 15.00 | 204.00 | 219.00 | OK |
Version: 1.1.1
Check: CRAN incoming feasibility
Result: NOTE
Maintainer: ‘Seung W. Choi <schoi@austin.utexas.edu>’
The BugReports field in DESCRIPTION has
https://github.com/choi-phd/maat/issues/
which should likely be
https://github.com/choi-phd/maat/issues/issues
instead.
Flavor: r-devel-linux-x86_64-debian-gcc