Last updated on 2025-02-21 04:51:52 CET.
Flavor | Version | Tinstall | Tcheck | Ttotal | Status | Flags |
---|---|---|---|---|---|---|
r-devel-linux-x86_64-debian-clang | 0.1.0 | 1.82 | 17.77 | 19.59 | OK | |
r-devel-linux-x86_64-debian-gcc | 0.1.0 | 1.55 | 14.37 | 15.92 | OK | |
r-devel-linux-x86_64-fedora-clang | 0.1.0 | 30.91 | NOTE | |||
r-devel-linux-x86_64-fedora-gcc | 0.1.0 | 30.05 | NOTE | |||
r-devel-macos-arm64 | 0.1.0 | 16.00 | OK | |||
r-devel-macos-x86_64 | 0.1.0 | 24.00 | OK | |||
r-devel-windows-x86_64 | 0.1.0 | 4.00 | 40.00 | 44.00 | OK | |
r-patched-linux-x86_64 | 0.1.0 | 2.02 | 17.30 | 19.32 | OK | |
r-release-linux-x86_64 | 0.1.0 | 1.94 | 16.94 | 18.88 | OK | |
r-release-macos-arm64 | 0.1.0 | 15.00 | OK | |||
r-release-macos-x86_64 | 0.1.0 | 20.00 | OK | |||
r-release-windows-x86_64 | 0.1.0 | 4.00 | 42.00 | 46.00 | OK | |
r-oldrel-macos-arm64 | 0.1.0 | 15.00 | OK | |||
r-oldrel-macos-x86_64 | 0.1.0 | 17.00 | OK | |||
r-oldrel-windows-x86_64 | 0.1.0 | 4.00 | 42.00 | 46.00 | OK |
Version: 0.1.0
Check: dependencies in R code
Result: NOTE
Namespace in Imports field not imported from: ‘R.utils’
All declared Imports should be used.
Flavors: r-devel-linux-x86_64-fedora-clang, r-devel-linux-x86_64-fedora-gcc