Last updated on 2025-10-26 04:48:39 CET.
| Flavor | Version | Tinstall | Tcheck | Ttotal | Status | Flags |
|---|---|---|---|---|---|---|
| r-devel-linux-x86_64-debian-clang | 6.13.2 | 9.98 | 129.04 | 139.02 | OK | |
| r-devel-linux-x86_64-debian-gcc | 6.13.2 | 6.37 | 85.73 | 92.10 | OK | |
| r-devel-linux-x86_64-fedora-clang | 6.13.2 | 28.00 | 193.18 | 221.18 | OK | |
| r-devel-linux-x86_64-fedora-gcc | 6.13.2 | 20.00 | 197.94 | 217.94 | OK | |
| r-devel-windows-x86_64 | 6.13.2 | 10.00 | 142.00 | 152.00 | OK | |
| r-patched-linux-x86_64 | 6.13.2 | 11.68 | 117.82 | 129.50 | OK | |
| r-release-linux-x86_64 | 6.13.2 | 9.74 | 116.90 | 126.64 | OK | |
| r-release-macos-arm64 | 6.13.2 | 5.00 | 59.00 | 64.00 | OK | |
| r-release-macos-x86_64 | 6.13.2 | 8.00 | 119.00 | 127.00 | OK | |
| r-release-windows-x86_64 | 6.13.2 | 11.00 | 152.00 | 163.00 | OK | |
| r-oldrel-macos-arm64 | 6.13.2 | 4.00 | 54.00 | 58.00 | NOTE | |
| r-oldrel-macos-x86_64 | 6.13.2 | 7.00 | 88.00 | 95.00 | NOTE | |
| r-oldrel-windows-x86_64 | 6.13.2 | 12.00 | 180.00 | 192.00 | NOTE |
Version: 6.13.2
Check: package dependencies
Result: NOTE
Packages suggested but not available for checking: 'lpjmlkit', 'quitte'
Flavors: r-oldrel-macos-arm64, r-oldrel-macos-x86_64
Version: 6.13.2
Check: package dependencies
Result: NOTE
Package suggested but not available for checking: 'quitte'
Flavor: r-oldrel-windows-x86_64