Last updated on 2024-08-25 05:49:25 CEST.
Flavor | Version | Tinstall | Tcheck | Ttotal | Status | Flags |
---|---|---|---|---|---|---|
r-devel-linux-x86_64-debian-clang | 2.8.4 | 75.70 | 112.89 | 188.59 | OK | |
r-devel-linux-x86_64-debian-gcc | 2.8.4 | 60.50 | 79.98 | 140.48 | OK | |
r-devel-linux-x86_64-fedora-clang | 2.8.4 | 431.28 | NOTE | |||
r-devel-linux-x86_64-fedora-gcc | 2.8.4 | 385.71 | OK | |||
r-devel-windows-x86_64 | 2.8.4 | 117.00 | 476.00 | 593.00 | NOTE | |
r-patched-linux-x86_64 | 2.8.4 | 79.82 | 105.37 | 185.19 | OK | |
r-release-linux-x86_64 | 2.8.4 | 79.45 | 112.18 | 191.63 | OK | |
r-release-macos-arm64 | 2.8.4 | 117.00 | NOTE | |||
r-release-macos-x86_64 | 2.8.4 | 181.00 | NOTE | |||
r-release-windows-x86_64 | 2.8.4 | 125.00 | 469.00 | 594.00 | NOTE | |
r-oldrel-macos-arm64 | 2.8.4 | 134.00 | NOTE | |||
r-oldrel-macos-x86_64 | 2.8.4 | 194.00 | NOTE | |||
r-oldrel-windows-x86_64 | 2.8.4 | 129.00 | 538.00 | 667.00 | NOTE |
Version: 2.8.4
Check: package dependencies
Result: NOTE
Package suggested but not available for checking: ‘tesseract’
Flavor: r-devel-linux-x86_64-fedora-clang
Version: 2.8.4
Check: installed package size
Result: NOTE
installed size is 7.5Mb
sub-directories of 1Mb or more:
doc 6.3Mb
Flavors: r-devel-linux-x86_64-fedora-clang, r-devel-windows-x86_64, r-release-macos-arm64, r-release-macos-x86_64, r-release-windows-x86_64, r-oldrel-macos-arm64, r-oldrel-macos-x86_64, r-oldrel-windows-x86_64