Last updated on 2024-08-25 05:49:26 CEST.
Flavor | Version | Tinstall | Tcheck | Ttotal | Status | Flags |
---|---|---|---|---|---|---|
r-devel-linux-x86_64-debian-clang | 0.2.5 | 86.04 | 84.51 | 170.55 | NOTE | |
r-devel-linux-x86_64-debian-gcc | 0.2.5 | 61.77 | 64.78 | 126.55 | NOTE | |
r-devel-linux-x86_64-fedora-clang | 0.2.5 | 306.92 | NOTE | |||
r-devel-linux-x86_64-fedora-gcc | 0.2.5 | 311.31 | NOTE | |||
r-devel-windows-x86_64 | 0.2.5 | 86.00 | 129.00 | 215.00 | NOTE | |
r-patched-linux-x86_64 | 0.2.5 | 83.74 | 81.21 | 164.95 | NOTE | |
r-release-linux-x86_64 | 0.2.5 | 83.05 | 81.04 | 164.09 | NOTE | |
r-release-macos-arm64 | 0.2.5 | 73.00 | NOTE | |||
r-release-macos-x86_64 | 0.2.5 | 104.00 | NOTE | |||
r-release-windows-x86_64 | 0.2.5 | 94.00 | 140.00 | 234.00 | NOTE | |
r-oldrel-macos-arm64 | 0.2.5 | 83.00 | NOTE | |||
r-oldrel-macos-x86_64 | 0.2.5 | 147.00 | NOTE | |||
r-oldrel-windows-x86_64 | 0.2.5 | 110.00 | 153.00 | 263.00 | OK |
Version: 0.2.5
Check: Rd files
Result: NOTE
checkRd: (-1) shortestpath.Rd:19: Lost braces; missing escapes or markup?
19 | \eqn{0} means there exists no path for node \eqn{i} and {j}.
| ^
Flavors: r-devel-linux-x86_64-debian-clang, r-devel-linux-x86_64-debian-gcc, r-devel-linux-x86_64-fedora-clang, r-devel-linux-x86_64-fedora-gcc, r-devel-windows-x86_64, r-patched-linux-x86_64, r-release-linux-x86_64, r-release-macos-arm64, r-release-macos-x86_64, r-release-windows-x86_64
Version: 0.2.5
Check: installed package size
Result: NOTE
installed size is 5.9Mb
sub-directories of 1Mb or more:
libs 5.6Mb
Flavors: r-release-macos-arm64, r-release-macos-x86_64, r-oldrel-macos-arm64, r-oldrel-macos-x86_64