Last updated on 2024-08-25 05:49:26 CEST.
Flavor | Version | Tinstall | Tcheck | Ttotal | Status | Flags |
---|---|---|---|---|---|---|
r-devel-linux-x86_64-debian-clang | 0.9.1 | 7.60 | 120.44 | 128.04 | OK | |
r-devel-linux-x86_64-debian-gcc | 0.9.1 | 4.75 | 83.18 | 87.93 | OK | |
r-devel-linux-x86_64-fedora-clang | 0.9.1 | 200.43 | NOTE | |||
r-devel-linux-x86_64-fedora-gcc | 0.9.1 | 201.29 | NOTE | |||
r-devel-windows-x86_64 | 0.9.1 | 9.00 | 121.00 | 130.00 | OK | |
r-patched-linux-x86_64 | 0.9.1 | 7.22 | 114.47 | 121.69 | OK | |
r-release-linux-x86_64 | 0.9.1 | 6.98 | 121.70 | 128.68 | OK | |
r-release-macos-arm64 | 0.9.1 | 64.00 | OK | |||
r-release-macos-x86_64 | 0.9.1 | 159.00 | OK | |||
r-release-windows-x86_64 | 0.9.1 | 10.00 | 137.00 | 147.00 | OK | |
r-oldrel-macos-arm64 | 0.9.1 | 65.00 | OK | |||
r-oldrel-macos-x86_64 | 0.9.1 | 116.00 | OK | |||
r-oldrel-windows-x86_64 | 0.9.1 | 11.00 | 144.00 | 155.00 | OK |
Version: 0.9.1
Check: data for non-ASCII characters
Result: NOTE
Note: found 13138 marked UTF-8 strings
Flavors: r-devel-linux-x86_64-fedora-clang, r-devel-linux-x86_64-fedora-gcc