CRAN Package Check Results for Package mapiso

Last updated on 2025-11-16 04:48:41 CET.

Flavor Version Tinstall Tcheck Ttotal Status Flags
r-devel-linux-x86_64-debian-clang 0.3.0 3.88 53.23 57.11 OK
r-devel-linux-x86_64-debian-gcc 0.3.0 3.26 39.58 42.84 NOTE
r-devel-linux-x86_64-fedora-clang 0.3.0 86.72 OK
r-devel-linux-x86_64-fedora-gcc 0.3.0 87.06 OK
r-devel-windows-x86_64 0.3.0 6.00 63.00 69.00 OK
r-patched-linux-x86_64 0.3.0 3.87 49.78 53.65 OK
r-release-linux-x86_64 0.3.0 3.83 49.75 53.58 OK
r-release-macos-arm64 0.3.0 2.00 28.00 30.00 OK
r-release-macos-x86_64 0.3.0 3.00 49.00 52.00 OK
r-release-windows-x86_64 0.3.0 8.00 64.00 72.00 OK
r-oldrel-macos-arm64 0.3.0 2.00 25.00 27.00 OK
r-oldrel-macos-x86_64 0.3.0 3.00 36.00 39.00 OK
r-oldrel-windows-x86_64 0.3.0 7.00 78.00 85.00 OK

Check Details

Version: 0.3.0
Check: CRAN incoming feasibility
Result: NOTE Maintainer: ‘Timothée Giraud <timothee.giraud@cnrs.fr>’ The BugReports field in DESCRIPTION has https://github.com/riatelab/mapiso/issues/ which should likely be https://github.com/riatelab/mapiso/issues/issues instead. Flavor: r-devel-linux-x86_64-debian-gcc